{"id":9757,"date":"2025-03-24T00:44:46","date_gmt":"2025-03-24T00:44:46","guid":{"rendered":"https:\/\/masilaparfum.com\/?post_type=product&#038;p=9757"},"modified":"2025-03-24T00:44:46","modified_gmt":"2025-03-24T00:44:46","slug":"swyabsolutely","status":"publish","type":"product","link":"https:\/\/masilaparfum.com\/index.php\/product\/swyabsolutely\/","title":{"rendered":"STRONGER WITH YOU ABSOLUTELY Edp 100ML"},"content":{"rendered":"<h3 style=\"text-align: center;\"><b>Stronger With You Absolutely<\/b><\/h3>\n<p style=\"text-align: center;\">est un parfum Orientale Foug\u00e8re pour homme.\u00a0<b>Emporio Armani Stronger With You Absolutely<\/b>\u00a0a \u00e9t\u00e9 lanc\u00e9 en 2021. Le nez derri\u00e8re ce parfum est Cecile Matton. Les notes de t\u00eate sont Rhum, \u00c9l\u00e9mi et Bergamote; les notes de coeur sont Lavande et Davana; les notes de fond sont Vanille de Madagascar, Ch\u00e2taigne, C\u00e8dre et Patchouli.<\/p>\n","protected":false},"excerpt":{"rendered":"<p>Stronger With You Absolutely est un parfum Orientale Foug\u00e8re pour homme.\u00a0Emporio Armani Stronger With You Absolutely\u00a0a \u00e9t\u00e9 lanc\u00e9 en 2021. Le nez derri\u00e8re ce parfum est Cecile Matton. Les notes de t\u00eate sont Rhum, \u00c9l\u00e9mi et Bergamote; les notes de coeur sont Lavande et Davana; les notes de fond sont Vanille de Madagascar, Ch\u00e2taigne, C\u00e8dre [&hellip;]<\/p>\n","protected":false},"featured_media":9758,"comment_status":"open","ping_status":"closed","template":"","meta":{"_uag_custom_page_level_css":"","site-sidebar-layout":"default","site-content-layout":"","ast-site-content-layout":"default","site-content-style":"default","site-sidebar-style":"default","ast-global-header-display":"","ast-banner-title-visibility":"","ast-main-header-display":"","ast-hfb-above-header-display":"","ast-hfb-below-header-display":"","ast-hfb-mobile-header-display":"","site-post-title":"","ast-breadcrumbs-content":"","ast-featured-img":"","footer-sml-layout":"","theme-transparent-header-meta":"default","adv-header-id-meta":"","stick-header-meta":"","header-above-stick-meta":"","header-main-stick-meta":"","header-below-stick-meta":"","astra-migrate-meta-layouts":"set","ast-page-background-enabled":"default","ast-page-background-meta":{"desktop":{"background-color":"","background-image":"","background-repeat":"repeat","background-position":"center center","background-size":"auto","background-attachment":"scroll","background-type":"","background-media":"","overlay-type":"","overlay-color":"","overlay-opacity":"","overlay-gradient":""},"tablet":{"background-color":"","background-image":"","background-repeat":"repeat","background-position":"center center","background-size":"auto","background-attachment":"scroll","background-type":"","background-media":"","overlay-type":"","overlay-color":"","overlay-opacity":"","overlay-gradient":""},"mobile":{"background-color":"","background-image":"","background-repeat":"repeat","background-position":"center center","background-size":"auto","background-attachment":"scroll","background-type":"","background-media":"","overlay-type":"","overlay-color":"","overlay-opacity":"","overlay-gradient":""}},"ast-content-background-meta":{"desktop":{"background-color":"var(--ast-global-color-5)","background-image":"","background-repeat":"repeat","background-position":"center center","background-size":"auto","background-attachment":"scroll","background-type":"","background-media":"","overlay-type":"","overlay-color":"","overlay-opacity":"","overlay-gradient":""},"tablet":{"background-color":"var(--ast-global-color-5)","background-image":"","background-repeat":"repeat","background-position":"center center","background-size":"auto","background-attachment":"scroll","background-type":"","background-media":"","overlay-type":"","overlay-color":"","overlay-opacity":"","overlay-gradient":""},"mobile":{"background-color":"var(--ast-global-color-5)","background-image":"","background-repeat":"repeat","background-position":"center center","background-size":"auto","background-attachment":"scroll","background-type":"","background-media":"","overlay-type":"","overlay-color":"","overlay-opacity":"","overlay-gradient":""}}},"product_cat":[60],"product_tag":[],"class_list":{"0":"post-9757","1":"product","2":"type-product","3":"status-publish","4":"has-post-thumbnail","6":"product_cat-parfumhomme","7":"desktop-align-center","8":"tablet-align-left","9":"mobile-align-center","11":"first","12":"instock","13":"shipping-taxable","14":"purchasable","15":"product-type-simple"},"uagb_featured_image_src":{"full":["https:\/\/masilaparfum.com\/wp-content\/uploads\/2025\/03\/armani-stronger-with-you-absolutely-eau-de-parfum-50ml_19868496_44723945_2048.jpg",2048,2329,false],"thumbnail":["https:\/\/masilaparfum.com\/wp-content\/uploads\/2025\/03\/armani-stronger-with-you-absolutely-eau-de-parfum-50ml_19868496_44723945_2048-150x150.jpg",150,150,true],"medium":["https:\/\/masilaparfum.com\/wp-content\/uploads\/2025\/03\/armani-stronger-with-you-absolutely-eau-de-parfum-50ml_19868496_44723945_2048-300x300.jpg",300,300,true],"medium_large":["https:\/\/masilaparfum.com\/wp-content\/uploads\/2025\/03\/armani-stronger-with-you-absolutely-eau-de-parfum-50ml_19868496_44723945_2048-768x768.jpg",768,768,true],"large":["https:\/\/masilaparfum.com\/wp-content\/uploads\/2025\/03\/armani-stronger-with-you-absolutely-eau-de-parfum-50ml_19868496_44723945_2048-1024x1024.jpg",1024,1024,true],"1536x1536":["https:\/\/masilaparfum.com\/wp-content\/uploads\/2025\/03\/armani-stronger-with-you-absolutely-eau-de-parfum-50ml_19868496_44723945_2048-1351x1536.jpg",1351,1536,true],"2048x2048":["https:\/\/masilaparfum.com\/wp-content\/uploads\/2025\/03\/armani-stronger-with-you-absolutely-eau-de-parfum-50ml_19868496_44723945_2048-1801x2048.jpg",1801,2048,true],"mailpoet_newsletter_max":["https:\/\/masilaparfum.com\/wp-content\/uploads\/2025\/03\/armani-stronger-with-you-absolutely-eau-de-parfum-50ml_19868496_44723945_2048-1320x1501.jpg",1320,1501,true],"woocommerce_thumbnail":["https:\/\/masilaparfum.com\/wp-content\/uploads\/2025\/03\/armani-stronger-with-you-absolutely-eau-de-parfum-50ml_19868496_44723945_2048-300x300.jpg",300,300,true],"woocommerce_single":["https:\/\/masilaparfum.com\/wp-content\/uploads\/2025\/03\/armani-stronger-with-you-absolutely-eau-de-parfum-50ml_19868496_44723945_2048-600x682.jpg",600,682,true],"woocommerce_gallery_thumbnail":["https:\/\/masilaparfum.com\/wp-content\/uploads\/2025\/03\/armani-stronger-with-you-absolutely-eau-de-parfum-50ml_19868496_44723945_2048-100x100.jpg",100,100,true],"wcpr-photo-reviews":["https:\/\/masilaparfum.com\/wp-content\/uploads\/2025\/03\/armani-stronger-with-you-absolutely-eau-de-parfum-50ml_19868496_44723945_2048.jpg",440,500,false]},"uagb_author_info":{"display_name":"masilaparfum","author_link":"https:\/\/masilaparfum.com\/index.php\/author\/"},"uagb_comment_info":0,"uagb_excerpt":"Stronger With You Absolutely est un parfum Orientale Foug\u00e8re pour homme.\u00a0Emporio Armani Stronger With You Absolutely\u00a0a \u00e9t\u00e9 lanc\u00e9 en 2021. Le nez derri\u00e8re ce parfum est Cecile Matton. Les notes de t\u00eate sont Rhum, \u00c9l\u00e9mi et Bergamote; les notes de coeur sont Lavande et Davana; les notes de fond sont Vanille de Madagascar, Ch\u00e2taigne, C\u00e8dre\u2026","_links":{"self":[{"href":"https:\/\/masilaparfum.com\/index.php\/wp-json\/wp\/v2\/product\/9757","targetHints":{"allow":["GET"]}}],"collection":[{"href":"https:\/\/masilaparfum.com\/index.php\/wp-json\/wp\/v2\/product"}],"about":[{"href":"https:\/\/masilaparfum.com\/index.php\/wp-json\/wp\/v2\/types\/product"}],"replies":[{"embeddable":true,"href":"https:\/\/masilaparfum.com\/index.php\/wp-json\/wp\/v2\/comments?post=9757"}],"wp:featuredmedia":[{"embeddable":true,"href":"https:\/\/masilaparfum.com\/index.php\/wp-json\/wp\/v2\/media\/9758"}],"wp:attachment":[{"href":"https:\/\/masilaparfum.com\/index.php\/wp-json\/wp\/v2\/media?parent=9757"}],"wp:term":[{"taxonomy":"product_cat","embeddable":true,"href":"https:\/\/masilaparfum.com\/index.php\/wp-json\/wp\/v2\/product_cat?post=9757"},{"taxonomy":"product_tag","embeddable":true,"href":"https:\/\/masilaparfum.com\/index.php\/wp-json\/wp\/v2\/product_tag?post=9757"}],"curies":[{"name":"wp","href":"https:\/\/api.w.org\/{rel}","templated":true}]}}