{"id":8891,"date":"2024-11-13T20:59:45","date_gmt":"2024-11-13T19:59:45","guid":{"rendered":"https:\/\/masilaparfum.com\/?post_type=product&#038;p=8891"},"modified":"2024-11-13T21:00:40","modified_gmt":"2024-11-13T20:00:40","slug":"passione-si","status":"publish","type":"product","link":"https:\/\/masilaparfum.com\/index.php\/product\/passione-si\/","title":{"rendered":"S\u00ec Passione Intense (2024) 100ml"},"content":{"rendered":"<h4 style=\"text-align: center;\"><b>S\u00ec Passione Intense (2024)<\/b><\/h4>\n<p style=\"text-align: center;\">C&rsquo;est un nouveau parfum.<\/p>\n<p style=\"text-align: center;\">Un parfum Orientale Floral pour femme.\u00a0 <b>S\u00ec Passione Intense (2024)<\/b>\u00a0a \u00e9t\u00e9 lanc\u00e9 en 2024. Les notes de t\u00eate sont Cassis, Poire et Bergamote; la note de coeur est Jasmin; les notes de fond sont Vanille et Bois de santal.<\/p>\n","protected":false},"excerpt":{"rendered":"<p>S\u00ec Passione Intense (2024) C&rsquo;est un nouveau parfum. Un parfum Orientale Floral pour femme.\u00a0 S\u00ec Passione Intense (2024)\u00a0a \u00e9t\u00e9 lanc\u00e9 en 2024. Les notes de t\u00eate sont Cassis, Poire et Bergamote; la note de coeur est Jasmin; les notes de fond sont Vanille et Bois de santal.<\/p>\n","protected":false},"featured_media":8892,"comment_status":"closed","ping_status":"closed","template":"","meta":{"_uag_custom_page_level_css":"","site-sidebar-layout":"default","site-content-layout":"","ast-site-content-layout":"default","site-content-style":"default","site-sidebar-style":"default","ast-global-header-display":"","ast-banner-title-visibility":"","ast-main-header-display":"","ast-hfb-above-header-display":"","ast-hfb-below-header-display":"","ast-hfb-mobile-header-display":"","site-post-title":"","ast-breadcrumbs-content":"","ast-featured-img":"","footer-sml-layout":"","theme-transparent-header-meta":"default","adv-header-id-meta":"","stick-header-meta":"","header-above-stick-meta":"","header-main-stick-meta":"","header-below-stick-meta":"","astra-migrate-meta-layouts":"set","ast-page-background-enabled":"default","ast-page-background-meta":{"desktop":{"background-color":"","background-image":"","background-repeat":"repeat","background-position":"center center","background-size":"auto","background-attachment":"scroll","background-type":"","background-media":"","overlay-type":"","overlay-color":"","overlay-opacity":"","overlay-gradient":""},"tablet":{"background-color":"","background-image":"","background-repeat":"repeat","background-position":"center center","background-size":"auto","background-attachment":"scroll","background-type":"","background-media":"","overlay-type":"","overlay-color":"","overlay-opacity":"","overlay-gradient":""},"mobile":{"background-color":"","background-image":"","background-repeat":"repeat","background-position":"center center","background-size":"auto","background-attachment":"scroll","background-type":"","background-media":"","overlay-type":"","overlay-color":"","overlay-opacity":"","overlay-gradient":""}},"ast-content-background-meta":{"desktop":{"background-color":"var(--ast-global-color-5)","background-image":"","background-repeat":"repeat","background-position":"center center","background-size":"auto","background-attachment":"scroll","background-type":"","background-media":"","overlay-type":"","overlay-color":"","overlay-opacity":"","overlay-gradient":""},"tablet":{"background-color":"var(--ast-global-color-5)","background-image":"","background-repeat":"repeat","background-position":"center center","background-size":"auto","background-attachment":"scroll","background-type":"","background-media":"","overlay-type":"","overlay-color":"","overlay-opacity":"","overlay-gradient":""},"mobile":{"background-color":"var(--ast-global-color-5)","background-image":"","background-repeat":"repeat","background-position":"center center","background-size":"auto","background-attachment":"scroll","background-type":"","background-media":"","overlay-type":"","overlay-color":"","overlay-opacity":"","overlay-gradient":""}}},"product_cat":[59],"product_tag":[],"class_list":{"0":"post-8891","1":"product","2":"type-product","3":"status-publish","4":"has-post-thumbnail","6":"product_cat-parfumfemme","7":"desktop-align-center","8":"tablet-align-left","9":"mobile-align-center","11":"first","12":"instock","13":"featured","14":"shipping-taxable","15":"purchasable","16":"product-type-simple"},"uagb_featured_image_src":{"full":["https:\/\/masilaparfum.com\/wp-content\/uploads\/2024\/11\/Capture-decran-2024-11-13-a-20.53.59.png",509,623,false],"thumbnail":["https:\/\/masilaparfum.com\/wp-content\/uploads\/2024\/11\/Capture-decran-2024-11-13-a-20.53.59-150x150.png",150,150,true],"medium":["https:\/\/masilaparfum.com\/wp-content\/uploads\/2024\/11\/Capture-decran-2024-11-13-a-20.53.59-300x300.png",300,300,true],"medium_large":["https:\/\/masilaparfum.com\/wp-content\/uploads\/2024\/11\/Capture-decran-2024-11-13-a-20.53.59.png",509,623,false],"large":["https:\/\/masilaparfum.com\/wp-content\/uploads\/2024\/11\/Capture-decran-2024-11-13-a-20.53.59.png",509,623,false],"1536x1536":["https:\/\/masilaparfum.com\/wp-content\/uploads\/2024\/11\/Capture-decran-2024-11-13-a-20.53.59.png",509,623,false],"2048x2048":["https:\/\/masilaparfum.com\/wp-content\/uploads\/2024\/11\/Capture-decran-2024-11-13-a-20.53.59.png",509,623,false],"mailpoet_newsletter_max":["https:\/\/masilaparfum.com\/wp-content\/uploads\/2024\/11\/Capture-decran-2024-11-13-a-20.53.59.png",509,623,false],"woocommerce_thumbnail":["https:\/\/masilaparfum.com\/wp-content\/uploads\/2024\/11\/Capture-decran-2024-11-13-a-20.53.59-300x300.png",300,300,true],"woocommerce_single":["https:\/\/masilaparfum.com\/wp-content\/uploads\/2024\/11\/Capture-decran-2024-11-13-a-20.53.59.png",509,623,false],"woocommerce_gallery_thumbnail":["https:\/\/masilaparfum.com\/wp-content\/uploads\/2024\/11\/Capture-decran-2024-11-13-a-20.53.59-100x100.png",100,100,true],"wcpr-photo-reviews":["https:\/\/masilaparfum.com\/wp-content\/uploads\/2024\/11\/Capture-decran-2024-11-13-a-20.53.59.png",409,500,false]},"uagb_author_info":{"display_name":"masilaparfum","author_link":"https:\/\/masilaparfum.com\/index.php\/author\/"},"uagb_comment_info":0,"uagb_excerpt":"S\u00ec Passione Intense (2024) C&rsquo;est un nouveau parfum. Un parfum Orientale Floral pour femme.\u00a0 S\u00ec Passione Intense (2024)\u00a0a \u00e9t\u00e9 lanc\u00e9 en 2024. Les notes de t\u00eate sont Cassis, Poire et Bergamote; la note de coeur est Jasmin; les notes de fond sont Vanille et Bois de santal.","_links":{"self":[{"href":"https:\/\/masilaparfum.com\/index.php\/wp-json\/wp\/v2\/product\/8891","targetHints":{"allow":["GET"]}}],"collection":[{"href":"https:\/\/masilaparfum.com\/index.php\/wp-json\/wp\/v2\/product"}],"about":[{"href":"https:\/\/masilaparfum.com\/index.php\/wp-json\/wp\/v2\/types\/product"}],"replies":[{"embeddable":true,"href":"https:\/\/masilaparfum.com\/index.php\/wp-json\/wp\/v2\/comments?post=8891"}],"wp:featuredmedia":[{"embeddable":true,"href":"https:\/\/masilaparfum.com\/index.php\/wp-json\/wp\/v2\/media\/8892"}],"wp:attachment":[{"href":"https:\/\/masilaparfum.com\/index.php\/wp-json\/wp\/v2\/media?parent=8891"}],"wp:term":[{"taxonomy":"product_cat","embeddable":true,"href":"https:\/\/masilaparfum.com\/index.php\/wp-json\/wp\/v2\/product_cat?post=8891"},{"taxonomy":"product_tag","embeddable":true,"href":"https:\/\/masilaparfum.com\/index.php\/wp-json\/wp\/v2\/product_tag?post=8891"}],"curies":[{"name":"wp","href":"https:\/\/api.w.org\/{rel}","templated":true}]}}