{"id":8262,"date":"2024-09-08T20:43:40","date_gmt":"2024-09-08T19:43:40","guid":{"rendered":"https:\/\/masilaparfum.com\/?post_type=product&#038;p=8262"},"modified":"2025-09-15T17:32:25","modified_gmt":"2025-09-15T16:32:25","slug":"armani-prive-blue-lazuli-edp-100ml","status":"publish","type":"product","link":"https:\/\/masilaparfum.com\/index.php\/product\/armani-prive-blue-lazuli-edp-100ml\/","title":{"rendered":"ARMANI PRIVE BLUE LAZULI EDP 100ML"},"content":{"rendered":"<p style=\"text-align: center;\"><em><strong>Armani Priv\u00e9 Bleu Lazuli de Giorgio Armani est un parfum Ambre \u00c9pic\u00e9 pour homme et femme.<\/strong><\/em><br \/>\n<em><strong>Les notes de t\u00eate sont Mat\u00e9, Cardamome et Bergamote; les notes de coeur sont Prune, Osmanthus et Jasmin; les notes de fond sont Tabac, Miel, Vanille et Bois de santal.<\/strong><\/em><\/p>\n","protected":false},"excerpt":{"rendered":"<p>Armani Priv\u00e9 Bleu Lazuli de Giorgio Armani est un parfum Ambre \u00c9pic\u00e9 pour homme et femme. Les notes de t\u00eate sont Mat\u00e9, Cardamome et Bergamote; les notes de coeur sont Prune, Osmanthus et Jasmin; les notes de fond sont Tabac, Miel, Vanille et Bois de santal.<\/p>\n","protected":false},"featured_media":8266,"comment_status":"closed","ping_status":"closed","template":"","meta":{"_uag_custom_page_level_css":"","site-sidebar-layout":"default","site-content-layout":"","ast-site-content-layout":"default","site-content-style":"default","site-sidebar-style":"default","ast-global-header-display":"","ast-banner-title-visibility":"","ast-main-header-display":"","ast-hfb-above-header-display":"","ast-hfb-below-header-display":"","ast-hfb-mobile-header-display":"","site-post-title":"","ast-breadcrumbs-content":"","ast-featured-img":"","footer-sml-layout":"","theme-transparent-header-meta":"default","adv-header-id-meta":"","stick-header-meta":"","header-above-stick-meta":"","header-main-stick-meta":"","header-below-stick-meta":"","astra-migrate-meta-layouts":"set","ast-page-background-enabled":"default","ast-page-background-meta":{"desktop":{"background-color":"","background-image":"","background-repeat":"repeat","background-position":"center center","background-size":"auto","background-attachment":"scroll","background-type":"","background-media":"","overlay-type":"","overlay-color":"","overlay-opacity":"","overlay-gradient":""},"tablet":{"background-color":"","background-image":"","background-repeat":"repeat","background-position":"center center","background-size":"auto","background-attachment":"scroll","background-type":"","background-media":"","overlay-type":"","overlay-color":"","overlay-opacity":"","overlay-gradient":""},"mobile":{"background-color":"","background-image":"","background-repeat":"repeat","background-position":"center center","background-size":"auto","background-attachment":"scroll","background-type":"","background-media":"","overlay-type":"","overlay-color":"","overlay-opacity":"","overlay-gradient":""}},"ast-content-background-meta":{"desktop":{"background-color":"var(--ast-global-color-5)","background-image":"","background-repeat":"repeat","background-position":"center center","background-size":"auto","background-attachment":"scroll","background-type":"","background-media":"","overlay-type":"","overlay-color":"","overlay-opacity":"","overlay-gradient":""},"tablet":{"background-color":"var(--ast-global-color-5)","background-image":"","background-repeat":"repeat","background-position":"center center","background-size":"auto","background-attachment":"scroll","background-type":"","background-media":"","overlay-type":"","overlay-color":"","overlay-opacity":"","overlay-gradient":""},"mobile":{"background-color":"var(--ast-global-color-5)","background-image":"","background-repeat":"repeat","background-position":"center center","background-size":"auto","background-attachment":"scroll","background-type":"","background-media":"","overlay-type":"","overlay-color":"","overlay-opacity":"","overlay-gradient":""}}},"product_cat":[59,60,62],"product_tag":[],"class_list":{"0":"post-8262","1":"product","2":"type-product","3":"status-publish","4":"has-post-thumbnail","6":"product_cat-parfumfemme","7":"product_cat-parfumhomme","8":"product_cat-parfum-unisex","9":"desktop-align-center","10":"tablet-align-left","11":"mobile-align-center","13":"first","14":"instock","15":"shipping-taxable","16":"purchasable","17":"product-type-simple"},"uagb_featured_image_src":{"full":["https:\/\/masilaparfum.com\/wp-content\/uploads\/2024\/09\/de4e5a5edb71db4e6a285f8bae314a654c5459e9_3614271432971_1-1.jpg",1200,1200,false],"thumbnail":["https:\/\/masilaparfum.com\/wp-content\/uploads\/2024\/09\/de4e5a5edb71db4e6a285f8bae314a654c5459e9_3614271432971_1-1-150x150.jpg",150,150,true],"medium":["https:\/\/masilaparfum.com\/wp-content\/uploads\/2024\/09\/de4e5a5edb71db4e6a285f8bae314a654c5459e9_3614271432971_1-1-300x300.jpg",300,300,true],"medium_large":["https:\/\/masilaparfum.com\/wp-content\/uploads\/2024\/09\/de4e5a5edb71db4e6a285f8bae314a654c5459e9_3614271432971_1-1-768x768.jpg",768,768,true],"large":["https:\/\/masilaparfum.com\/wp-content\/uploads\/2024\/09\/de4e5a5edb71db4e6a285f8bae314a654c5459e9_3614271432971_1-1-1024x1024.jpg",1024,1024,true],"1536x1536":["https:\/\/masilaparfum.com\/wp-content\/uploads\/2024\/09\/de4e5a5edb71db4e6a285f8bae314a654c5459e9_3614271432971_1-1.jpg",1200,1200,false],"2048x2048":["https:\/\/masilaparfum.com\/wp-content\/uploads\/2024\/09\/de4e5a5edb71db4e6a285f8bae314a654c5459e9_3614271432971_1-1.jpg",1200,1200,false],"mailpoet_newsletter_max":["https:\/\/masilaparfum.com\/wp-content\/uploads\/2024\/09\/de4e5a5edb71db4e6a285f8bae314a654c5459e9_3614271432971_1-1.jpg",1200,1200,false],"woocommerce_thumbnail":["https:\/\/masilaparfum.com\/wp-content\/uploads\/2024\/09\/de4e5a5edb71db4e6a285f8bae314a654c5459e9_3614271432971_1-1-300x300.jpg",300,300,true],"woocommerce_single":["https:\/\/masilaparfum.com\/wp-content\/uploads\/2024\/09\/de4e5a5edb71db4e6a285f8bae314a654c5459e9_3614271432971_1-1-600x600.jpg",600,600,true],"woocommerce_gallery_thumbnail":["https:\/\/masilaparfum.com\/wp-content\/uploads\/2024\/09\/de4e5a5edb71db4e6a285f8bae314a654c5459e9_3614271432971_1-1-100x100.jpg",100,100,true],"wcpr-photo-reviews":["https:\/\/masilaparfum.com\/wp-content\/uploads\/2024\/09\/de4e5a5edb71db4e6a285f8bae314a654c5459e9_3614271432971_1-1.jpg",500,500,false]},"uagb_author_info":{"display_name":"masilaparfum","author_link":"https:\/\/masilaparfum.com\/index.php\/author\/"},"uagb_comment_info":0,"uagb_excerpt":"Armani Priv\u00e9 Bleu Lazuli de Giorgio Armani est un parfum Ambre \u00c9pic\u00e9 pour homme et femme. Les notes de t\u00eate sont Mat\u00e9, Cardamome et Bergamote; les notes de coeur sont Prune, Osmanthus et Jasmin; les notes de fond sont Tabac, Miel, Vanille et Bois de santal.","_links":{"self":[{"href":"https:\/\/masilaparfum.com\/index.php\/wp-json\/wp\/v2\/product\/8262","targetHints":{"allow":["GET"]}}],"collection":[{"href":"https:\/\/masilaparfum.com\/index.php\/wp-json\/wp\/v2\/product"}],"about":[{"href":"https:\/\/masilaparfum.com\/index.php\/wp-json\/wp\/v2\/types\/product"}],"replies":[{"embeddable":true,"href":"https:\/\/masilaparfum.com\/index.php\/wp-json\/wp\/v2\/comments?post=8262"}],"wp:featuredmedia":[{"embeddable":true,"href":"https:\/\/masilaparfum.com\/index.php\/wp-json\/wp\/v2\/media\/8266"}],"wp:attachment":[{"href":"https:\/\/masilaparfum.com\/index.php\/wp-json\/wp\/v2\/media?parent=8262"}],"wp:term":[{"taxonomy":"product_cat","embeddable":true,"href":"https:\/\/masilaparfum.com\/index.php\/wp-json\/wp\/v2\/product_cat?post=8262"},{"taxonomy":"product_tag","embeddable":true,"href":"https:\/\/masilaparfum.com\/index.php\/wp-json\/wp\/v2\/product_tag?post=8262"}],"curies":[{"name":"wp","href":"https:\/\/api.w.org\/{rel}","templated":true}]}}