{"id":6636,"date":"2023-05-11T04:16:54","date_gmt":"2023-05-11T03:16:54","guid":{"rendered":"https:\/\/masilaparfum.com\/?post_type=product&#038;p=6636"},"modified":"2025-05-15T14:21:39","modified_gmt":"2025-05-15T13:21:39","slug":"versace-eros-eau-de-parfum","status":"publish","type":"product","link":"https:\/\/masilaparfum.com\/index.php\/product\/versace-eros-eau-de-parfum\/","title":{"rendered":"VERSACE \u2013 EROS Eau de Parfum"},"content":{"rendered":"<h3 style=\"text-align: center;\"><em><strong>VERSACE \u2013 EROS Eau de Parfum 100ml\u00a0<\/strong><\/em><\/h3>\n<p style=\"text-align: center;\"><em>Eros Eau de Parfum\u00a0de\u00a0Versace est un parfum Ambre bois\u00e9 pour homme.<\/em><br \/>\n<em>\u00a0Les notes de t\u00eate sont Menthe, Pomme d&rsquo;amour, Citron et Mandarine<\/em><br \/>\n<em>Les notes de coeur sont Ambroxan, G\u00e9ranium et Sauge sclar\u00e9e<\/em><br \/>\n<em style=\"font-size: 16px;\">Les notes de fond sont Vanille, C\u00e8dre, Bois de santal, Bigarade, Patchouli et Cuir.<\/em><\/p>\n","protected":false},"excerpt":{"rendered":"<p>VERSACE \u2013 EROS Eau de Parfum 100ml\u00a0 Eros Eau de Parfum\u00a0de\u00a0Versace est un parfum Ambre bois\u00e9 pour homme. \u00a0Les notes de t\u00eate sont Menthe, Pomme d&rsquo;amour, Citron et Mandarine Les notes de coeur sont Ambroxan, G\u00e9ranium et Sauge sclar\u00e9e Les notes de fond sont Vanille, C\u00e8dre, Bois de santal, Bigarade, Patchouli et Cuir.<\/p>\n","protected":false},"featured_media":6638,"comment_status":"open","ping_status":"closed","template":"","meta":{"_uag_custom_page_level_css":"","site-sidebar-layout":"default","site-content-layout":"default","ast-site-content-layout":"default","site-content-style":"default","site-sidebar-style":"default","ast-global-header-display":"","ast-banner-title-visibility":"","ast-main-header-display":"","ast-hfb-above-header-display":"","ast-hfb-below-header-display":"","ast-hfb-mobile-header-display":"","site-post-title":"","ast-breadcrumbs-content":"","ast-featured-img":"","footer-sml-layout":"","theme-transparent-header-meta":"default","adv-header-id-meta":"","stick-header-meta":"","header-above-stick-meta":"","header-main-stick-meta":"","header-below-stick-meta":"","astra-migrate-meta-layouts":"set","ast-page-background-enabled":"default","ast-page-background-meta":{"desktop":{"background-color":"","background-image":"","background-repeat":"repeat","background-position":"center center","background-size":"auto","background-attachment":"scroll","background-type":"","background-media":"","overlay-type":"","overlay-color":"","overlay-opacity":"","overlay-gradient":""},"tablet":{"background-color":"","background-image":"","background-repeat":"repeat","background-position":"center center","background-size":"auto","background-attachment":"scroll","background-type":"","background-media":"","overlay-type":"","overlay-color":"","overlay-opacity":"","overlay-gradient":""},"mobile":{"background-color":"","background-image":"","background-repeat":"repeat","background-position":"center center","background-size":"auto","background-attachment":"scroll","background-type":"","background-media":"","overlay-type":"","overlay-color":"","overlay-opacity":"","overlay-gradient":""}},"ast-content-background-meta":{"desktop":{"background-color":"var(--ast-global-color-5)","background-image":"","background-repeat":"repeat","background-position":"center center","background-size":"auto","background-attachment":"scroll","background-type":"","background-media":"","overlay-type":"","overlay-color":"","overlay-opacity":"","overlay-gradient":""},"tablet":{"background-color":"var(--ast-global-color-5)","background-image":"","background-repeat":"repeat","background-position":"center center","background-size":"auto","background-attachment":"scroll","background-type":"","background-media":"","overlay-type":"","overlay-color":"","overlay-opacity":"","overlay-gradient":""},"mobile":{"background-color":"var(--ast-global-color-5)","background-image":"","background-repeat":"repeat","background-position":"center center","background-size":"auto","background-attachment":"scroll","background-type":"","background-media":"","overlay-type":"","overlay-color":"","overlay-opacity":"","overlay-gradient":""}}},"product_cat":[60],"product_tag":[328],"class_list":{"0":"post-6636","1":"product","2":"type-product","3":"status-publish","4":"has-post-thumbnail","6":"product_cat-parfumhomme","7":"product_tag-mh","8":"desktop-align-center","9":"tablet-align-left","10":"mobile-align-center","12":"first","13":"instock","14":"sale","15":"shipping-taxable","16":"purchasable","17":"product-type-simple"},"uagb_featured_image_src":{"full":["https:\/\/masilaparfum.com\/wp-content\/uploads\/2023\/05\/eros-eau-de-parfum-1.jpeg",650,650,false],"thumbnail":["https:\/\/masilaparfum.com\/wp-content\/uploads\/2023\/05\/eros-eau-de-parfum-1-150x150.jpeg",150,150,true],"medium":["https:\/\/masilaparfum.com\/wp-content\/uploads\/2023\/05\/eros-eau-de-parfum-1-300x300.jpeg",300,300,true],"medium_large":["https:\/\/masilaparfum.com\/wp-content\/uploads\/2023\/05\/eros-eau-de-parfum-1.jpeg",650,650,false],"large":["https:\/\/masilaparfum.com\/wp-content\/uploads\/2023\/05\/eros-eau-de-parfum-1.jpeg",650,650,false],"1536x1536":["https:\/\/masilaparfum.com\/wp-content\/uploads\/2023\/05\/eros-eau-de-parfum-1.jpeg",650,650,false],"2048x2048":["https:\/\/masilaparfum.com\/wp-content\/uploads\/2023\/05\/eros-eau-de-parfum-1.jpeg",650,650,false],"mailpoet_newsletter_max":["https:\/\/masilaparfum.com\/wp-content\/uploads\/2023\/05\/eros-eau-de-parfum-1.jpeg",650,650,false],"woocommerce_thumbnail":["https:\/\/masilaparfum.com\/wp-content\/uploads\/2023\/05\/eros-eau-de-parfum-1-300x300.jpeg",300,300,true],"woocommerce_single":["https:\/\/masilaparfum.com\/wp-content\/uploads\/2023\/05\/eros-eau-de-parfum-1-600x600.jpeg",600,600,true],"woocommerce_gallery_thumbnail":["https:\/\/masilaparfum.com\/wp-content\/uploads\/2023\/05\/eros-eau-de-parfum-1-100x100.jpeg",100,100,true],"wcpr-photo-reviews":["https:\/\/masilaparfum.com\/wp-content\/uploads\/2023\/05\/eros-eau-de-parfum-1.jpeg",500,500,false]},"uagb_author_info":{"display_name":"masilaparfum","author_link":"https:\/\/masilaparfum.com\/index.php\/author\/"},"uagb_comment_info":0,"uagb_excerpt":"VERSACE \u2013 EROS Eau de Parfum 100ml\u00a0 Eros Eau de Parfum\u00a0de\u00a0Versace est un parfum Ambre bois\u00e9 pour homme. \u00a0Les notes de t\u00eate sont Menthe, Pomme d&rsquo;amour, Citron et Mandarine Les notes de coeur sont Ambroxan, G\u00e9ranium et Sauge sclar\u00e9e Les notes de fond sont Vanille, C\u00e8dre, Bois de santal, Bigarade, Patchouli et Cuir.","_links":{"self":[{"href":"https:\/\/masilaparfum.com\/index.php\/wp-json\/wp\/v2\/product\/6636","targetHints":{"allow":["GET"]}}],"collection":[{"href":"https:\/\/masilaparfum.com\/index.php\/wp-json\/wp\/v2\/product"}],"about":[{"href":"https:\/\/masilaparfum.com\/index.php\/wp-json\/wp\/v2\/types\/product"}],"replies":[{"embeddable":true,"href":"https:\/\/masilaparfum.com\/index.php\/wp-json\/wp\/v2\/comments?post=6636"}],"wp:featuredmedia":[{"embeddable":true,"href":"https:\/\/masilaparfum.com\/index.php\/wp-json\/wp\/v2\/media\/6638"}],"wp:attachment":[{"href":"https:\/\/masilaparfum.com\/index.php\/wp-json\/wp\/v2\/media?parent=6636"}],"wp:term":[{"taxonomy":"product_cat","embeddable":true,"href":"https:\/\/masilaparfum.com\/index.php\/wp-json\/wp\/v2\/product_cat?post=6636"},{"taxonomy":"product_tag","embeddable":true,"href":"https:\/\/masilaparfum.com\/index.php\/wp-json\/wp\/v2\/product_tag?post=6636"}],"curies":[{"name":"wp","href":"https:\/\/api.w.org\/{rel}","templated":true}]}}