{"id":6522,"date":"2023-05-04T20:17:37","date_gmt":"2023-05-04T19:17:37","guid":{"rendered":"https:\/\/masilaparfum.com\/?post_type=product&#038;p=6522"},"modified":"2023-05-04T20:17:37","modified_gmt":"2023-05-04T19:17:37","slug":"my-way","status":"publish","type":"product","link":"https:\/\/masilaparfum.com\/index.php\/product\/my-way\/","title":{"rendered":"MY WAY"},"content":{"rendered":"<div class=\"product-section\">\n<h3 class=\"single-title\" style=\"text-align: center;\"><strong><em>MY WAY 90ML<\/em><\/strong><\/h3>\n<\/div>\n<div class=\"product-section price-section\">\n<p class=\"single-price\" style=\"text-align: center;\"><b style=\"font-size: 16px; font-style: inherit;\">My Way<\/b><span style=\"font-size: 16px;\">\u00a0de\u00a0<\/span><b style=\"font-size: 16px; font-style: inherit;\">Giorgio Armani<\/b><span style=\"font-size: 16px;\"> est un parfum Floral pour femme.<\/span><span style=\"font-size: 16px;\">. <\/span><\/p>\n<p class=\"single-price\" style=\"text-align: center;\"><span style=\"font-size: 16px;\">Les notes de t\u00eate sont Fleur d&rsquo;oranger et Bergamote; les notes de coeur sont Tub\u00e9reuse et Jasmin d&rsquo;Inde; les notes de fond sont Vanille de Madagascar, Musc blanc et C\u00e8dre de Virginie.<\/span><\/p>\n<\/div>\n","protected":false},"excerpt":{"rendered":"<div class=\"product-section\">\n<h3 class=\"single-title\" style=\"text-align: center;\"><strong><em>MY WAY 90ML<\/em><\/strong><\/h3>\n<\/div>\n<div class=\"product-section price-section\">\n<p class=\"single-price\" style=\"text-align: center;\"><b style=\"font-size: 16px; font-style: inherit;\">My Way<\/b><span style=\"font-size: 16px;\">\u00a0de\u00a0<\/span><b style=\"font-size: 16px; font-style: inherit;\">Giorgio Armani<\/b><span style=\"font-size: 16px;\"> est un parfum Floral pour femme.<\/span><span style=\"font-size: 16px;\">. <\/span><\/p>\n<p class=\"single-price\" style=\"text-align: center;\"><span style=\"font-size: 16px;\">Les notes de t\u00eate sont Fleur d&rsquo;oranger et Bergamote; les notes de coeur sont Tub\u00e9reuse et Jasmin d&rsquo;Inde; les notes de fond sont Vanille de Madagascar, Musc blanc et C\u00e8dre de Virginie.<\/span><\/p>\n<\/div>\n","protected":false},"featured_media":6523,"comment_status":"open","ping_status":"closed","template":"","meta":{"_uag_custom_page_level_css":"","site-sidebar-layout":"default","site-content-layout":"default","ast-site-content-layout":"","site-content-style":"default","site-sidebar-style":"default","ast-global-header-display":"","ast-banner-title-visibility":"","ast-main-header-display":"","ast-hfb-above-header-display":"","ast-hfb-below-header-display":"","ast-hfb-mobile-header-display":"","site-post-title":"","ast-breadcrumbs-content":"","ast-featured-img":"","footer-sml-layout":"","theme-transparent-header-meta":"default","adv-header-id-meta":"","stick-header-meta":"","header-above-stick-meta":"","header-main-stick-meta":"","header-below-stick-meta":"","astra-migrate-meta-layouts":"default","ast-page-background-enabled":"default","ast-page-background-meta":{"desktop":{"background-color":"","background-image":"","background-repeat":"repeat","background-position":"center center","background-size":"auto","background-attachment":"scroll","background-type":"","background-media":"","overlay-type":"","overlay-color":"","overlay-opacity":"","overlay-gradient":""},"tablet":{"background-color":"","background-image":"","background-repeat":"repeat","background-position":"center center","background-size":"auto","background-attachment":"scroll","background-type":"","background-media":"","overlay-type":"","overlay-color":"","overlay-opacity":"","overlay-gradient":""},"mobile":{"background-color":"","background-image":"","background-repeat":"repeat","background-position":"center center","background-size":"auto","background-attachment":"scroll","background-type":"","background-media":"","overlay-type":"","overlay-color":"","overlay-opacity":"","overlay-gradient":""}},"ast-content-background-meta":{"desktop":{"background-color":"var(--ast-global-color-5)","background-image":"","background-repeat":"repeat","background-position":"center center","background-size":"auto","background-attachment":"scroll","background-type":"","background-media":"","overlay-type":"","overlay-color":"","overlay-opacity":"","overlay-gradient":""},"tablet":{"background-color":"var(--ast-global-color-5)","background-image":"","background-repeat":"repeat","background-position":"center center","background-size":"auto","background-attachment":"scroll","background-type":"","background-media":"","overlay-type":"","overlay-color":"","overlay-opacity":"","overlay-gradient":""},"mobile":{"background-color":"var(--ast-global-color-5)","background-image":"","background-repeat":"repeat","background-position":"center center","background-size":"auto","background-attachment":"scroll","background-type":"","background-media":"","overlay-type":"","overlay-color":"","overlay-opacity":"","overlay-gradient":""}}},"product_cat":[59],"product_tag":[],"class_list":{"0":"post-6522","1":"product","2":"type-product","3":"status-publish","4":"has-post-thumbnail","6":"product_cat-parfumfemme","7":"desktop-align-center","8":"tablet-align-left","9":"mobile-align-center","11":"first","12":"instock","13":"shipping-taxable","14":"purchasable","15":"product-type-simple"},"uagb_featured_image_src":{"full":["https:\/\/masilaparfum.com\/wp-content\/uploads\/2023\/05\/GA_My_way1-1.jpeg",600,602,false],"thumbnail":["https:\/\/masilaparfum.com\/wp-content\/uploads\/2023\/05\/GA_My_way1-1-150x150.jpeg",150,150,true],"medium":["https:\/\/masilaparfum.com\/wp-content\/uploads\/2023\/05\/GA_My_way1-1-300x300.jpeg",300,300,true],"medium_large":["https:\/\/masilaparfum.com\/wp-content\/uploads\/2023\/05\/GA_My_way1-1.jpeg",600,602,false],"large":["https:\/\/masilaparfum.com\/wp-content\/uploads\/2023\/05\/GA_My_way1-1.jpeg",600,602,false],"1536x1536":["https:\/\/masilaparfum.com\/wp-content\/uploads\/2023\/05\/GA_My_way1-1.jpeg",600,602,false],"2048x2048":["https:\/\/masilaparfum.com\/wp-content\/uploads\/2023\/05\/GA_My_way1-1.jpeg",600,602,false],"mailpoet_newsletter_max":["https:\/\/masilaparfum.com\/wp-content\/uploads\/2023\/05\/GA_My_way1-1.jpeg",600,602,false],"woocommerce_thumbnail":["https:\/\/masilaparfum.com\/wp-content\/uploads\/2023\/05\/GA_My_way1-1-300x300.jpeg",300,300,true],"woocommerce_single":["https:\/\/masilaparfum.com\/wp-content\/uploads\/2023\/05\/GA_My_way1-1.jpeg",600,602,false],"woocommerce_gallery_thumbnail":["https:\/\/masilaparfum.com\/wp-content\/uploads\/2023\/05\/GA_My_way1-1-100x100.jpeg",100,100,true],"wcpr-photo-reviews":["https:\/\/masilaparfum.com\/wp-content\/uploads\/2023\/05\/GA_My_way1-1.jpeg",498,500,false]},"uagb_author_info":{"display_name":"masilaparfum","author_link":"https:\/\/masilaparfum.com\/index.php\/author\/"},"uagb_comment_info":0,"uagb_excerpt":"MY WAY 90ML My Way\u00a0de\u00a0Giorgio Armani est un parfum Floral pour femme.. Les notes de t\u00eate sont Fleur d'oranger et Bergamote; les notes de coeur sont Tub\u00e9reuse et Jasmin d'Inde; les notes de fond sont Vanille de Madagascar, Musc blanc et C\u00e8dre de Virginie.","_links":{"self":[{"href":"https:\/\/masilaparfum.com\/index.php\/wp-json\/wp\/v2\/product\/6522","targetHints":{"allow":["GET"]}}],"collection":[{"href":"https:\/\/masilaparfum.com\/index.php\/wp-json\/wp\/v2\/product"}],"about":[{"href":"https:\/\/masilaparfum.com\/index.php\/wp-json\/wp\/v2\/types\/product"}],"replies":[{"embeddable":true,"href":"https:\/\/masilaparfum.com\/index.php\/wp-json\/wp\/v2\/comments?post=6522"}],"wp:featuredmedia":[{"embeddable":true,"href":"https:\/\/masilaparfum.com\/index.php\/wp-json\/wp\/v2\/media\/6523"}],"wp:attachment":[{"href":"https:\/\/masilaparfum.com\/index.php\/wp-json\/wp\/v2\/media?parent=6522"}],"wp:term":[{"taxonomy":"product_cat","embeddable":true,"href":"https:\/\/masilaparfum.com\/index.php\/wp-json\/wp\/v2\/product_cat?post=6522"},{"taxonomy":"product_tag","embeddable":true,"href":"https:\/\/masilaparfum.com\/index.php\/wp-json\/wp\/v2\/product_tag?post=6522"}],"curies":[{"name":"wp","href":"https:\/\/api.w.org\/{rel}","templated":true}]}}