{"id":6482,"date":"2023-05-04T19:17:33","date_gmt":"2023-05-04T18:17:33","guid":{"rendered":"https:\/\/masilaparfum.com\/?post_type=product&#038;p=6482"},"modified":"2024-10-08T00:20:56","modified_gmt":"2024-10-07T23:20:56","slug":"212-sexy","status":"publish","type":"product","link":"https:\/\/masilaparfum.com\/index.php\/product\/212-sexy\/","title":{"rendered":"212 SEXY"},"content":{"rendered":"<div class=\"product-section\">\n<h3 class=\"single-title\" style=\"text-align: center\"><strong><em>212 SEXY 100 ml<\/em><\/strong><\/h3>\n<p style=\"text-align: center\"><em><b>212 Sexy<\/b>\u00a0de\u00a0<b>Carolina Herrera<\/b> est un parfum Ambre Floral pour femme.<\/em><\/p>\n<p style=\"text-align: center\"><em>\u00a0Les notes de t\u00eate sont Poivre rose, Mandarine et Bergamote; les notes de coeur sont Barbe \u00e0 papa, Gard\u00e9nia, Fleurs, P\u00e9largonium et Rose; les notes de fond sont Vanille, Musc, Bois de santal, Caramel, Patchouli et Violette.<\/em><\/p>\n<\/div>\n<div class=\"product-section price-section\">\n<h3 class=\"single-price\"><\/h3>\n<\/div>\n","protected":false},"excerpt":{"rendered":"<h3 class=\"single-title\" style=\"text-align: center\"><strong><em>212 SEXY 100 ml<\/em><\/strong><\/h3>\n<p style=\"text-align: center\"><em><b>212 Sexy<\/b>\u00a0de\u00a0<b>Carolina Herrera<\/b> est un parfum Ambre Floral pour femme.<\/em><\/p>\n<p style=\"text-align: center\"><em>\u00a0Les notes de t\u00eate sont Poivre rose, Mandarine et Bergamote; les notes de coeur sont Barbe \u00e0 papa, Gard\u00e9nia, Fleurs, P\u00e9largonium et Rose; les notes de fond sont Vanille, Musc, Bois de santal, Caramel, Patchouli et Violette.<\/em><\/p>\n","protected":false},"featured_media":6483,"comment_status":"open","ping_status":"closed","template":"","meta":{"_uag_custom_page_level_css":"","site-sidebar-layout":"default","site-content-layout":"default","ast-site-content-layout":"","site-content-style":"default","site-sidebar-style":"default","ast-global-header-display":"","ast-banner-title-visibility":"","ast-main-header-display":"","ast-hfb-above-header-display":"","ast-hfb-below-header-display":"","ast-hfb-mobile-header-display":"","site-post-title":"","ast-breadcrumbs-content":"","ast-featured-img":"","footer-sml-layout":"","theme-transparent-header-meta":"default","adv-header-id-meta":"","stick-header-meta":"","header-above-stick-meta":"","header-main-stick-meta":"","header-below-stick-meta":"","astra-migrate-meta-layouts":"default","ast-page-background-enabled":"default","ast-page-background-meta":{"desktop":{"background-color":"","background-image":"","background-repeat":"repeat","background-position":"center center","background-size":"auto","background-attachment":"scroll","background-type":"","background-media":"","overlay-type":"","overlay-color":"","overlay-opacity":"","overlay-gradient":""},"tablet":{"background-color":"","background-image":"","background-repeat":"repeat","background-position":"center center","background-size":"auto","background-attachment":"scroll","background-type":"","background-media":"","overlay-type":"","overlay-color":"","overlay-opacity":"","overlay-gradient":""},"mobile":{"background-color":"","background-image":"","background-repeat":"repeat","background-position":"center center","background-size":"auto","background-attachment":"scroll","background-type":"","background-media":"","overlay-type":"","overlay-color":"","overlay-opacity":"","overlay-gradient":""}},"ast-content-background-meta":{"desktop":{"background-color":"var(--ast-global-color-5)","background-image":"","background-repeat":"repeat","background-position":"center center","background-size":"auto","background-attachment":"scroll","background-type":"","background-media":"","overlay-type":"","overlay-color":"","overlay-opacity":"","overlay-gradient":""},"tablet":{"background-color":"var(--ast-global-color-5)","background-image":"","background-repeat":"repeat","background-position":"center center","background-size":"auto","background-attachment":"scroll","background-type":"","background-media":"","overlay-type":"","overlay-color":"","overlay-opacity":"","overlay-gradient":""},"mobile":{"background-color":"var(--ast-global-color-5)","background-image":"","background-repeat":"repeat","background-position":"center center","background-size":"auto","background-attachment":"scroll","background-type":"","background-media":"","overlay-type":"","overlay-color":"","overlay-opacity":"","overlay-gradient":""}}},"product_cat":[59],"product_tag":[],"class_list":{"0":"post-6482","1":"product","2":"type-product","3":"status-publish","4":"has-post-thumbnail","6":"product_cat-parfumfemme","7":"desktop-align-center","8":"tablet-align-left","9":"mobile-align-center","11":"first","12":"instock","13":"shipping-taxable","14":"purchasable","15":"product-type-simple"},"uagb_featured_image_src":{"full":["https:\/\/masilaparfum.com\/wp-content\/uploads\/2023\/05\/NgfIszXXIO1iClVxExEJYp2oRMPRa7r7ZidJLGTI_md-1.jpeg",453,453,false],"thumbnail":["https:\/\/masilaparfum.com\/wp-content\/uploads\/2023\/05\/NgfIszXXIO1iClVxExEJYp2oRMPRa7r7ZidJLGTI_md-1-150x150.jpeg",150,150,true],"medium":["https:\/\/masilaparfum.com\/wp-content\/uploads\/2023\/05\/NgfIszXXIO1iClVxExEJYp2oRMPRa7r7ZidJLGTI_md-1-300x300.jpeg",300,300,true],"medium_large":["https:\/\/masilaparfum.com\/wp-content\/uploads\/2023\/05\/NgfIszXXIO1iClVxExEJYp2oRMPRa7r7ZidJLGTI_md-1.jpeg",453,453,false],"large":["https:\/\/masilaparfum.com\/wp-content\/uploads\/2023\/05\/NgfIszXXIO1iClVxExEJYp2oRMPRa7r7ZidJLGTI_md-1.jpeg",453,453,false],"1536x1536":["https:\/\/masilaparfum.com\/wp-content\/uploads\/2023\/05\/NgfIszXXIO1iClVxExEJYp2oRMPRa7r7ZidJLGTI_md-1.jpeg",453,453,false],"2048x2048":["https:\/\/masilaparfum.com\/wp-content\/uploads\/2023\/05\/NgfIszXXIO1iClVxExEJYp2oRMPRa7r7ZidJLGTI_md-1.jpeg",453,453,false],"mailpoet_newsletter_max":["https:\/\/masilaparfum.com\/wp-content\/uploads\/2023\/05\/NgfIszXXIO1iClVxExEJYp2oRMPRa7r7ZidJLGTI_md-1.jpeg",453,453,false],"woocommerce_thumbnail":["https:\/\/masilaparfum.com\/wp-content\/uploads\/2023\/05\/NgfIszXXIO1iClVxExEJYp2oRMPRa7r7ZidJLGTI_md-1-300x300.jpeg",300,300,true],"woocommerce_single":["https:\/\/masilaparfum.com\/wp-content\/uploads\/2023\/05\/NgfIszXXIO1iClVxExEJYp2oRMPRa7r7ZidJLGTI_md-1.jpeg",453,453,false],"woocommerce_gallery_thumbnail":["https:\/\/masilaparfum.com\/wp-content\/uploads\/2023\/05\/NgfIszXXIO1iClVxExEJYp2oRMPRa7r7ZidJLGTI_md-1-100x100.jpeg",100,100,true],"wcpr-photo-reviews":["https:\/\/masilaparfum.com\/wp-content\/uploads\/2023\/05\/NgfIszXXIO1iClVxExEJYp2oRMPRa7r7ZidJLGTI_md-1.jpeg",453,453,false]},"uagb_author_info":{"display_name":"masilaparfum","author_link":"https:\/\/masilaparfum.com\/index.php\/author\/"},"uagb_comment_info":1,"uagb_excerpt":"212 SEXY 100 ml 212 Sexy\u00a0de\u00a0Carolina Herrera est un parfum Ambre Floral pour femme. \u00a0Les notes de t\u00eate sont Poivre rose, Mandarine et Bergamote; les notes de coeur sont Barbe \u00e0 papa, Gard\u00e9nia, Fleurs, P\u00e9largonium et Rose; les notes de fond sont Vanille, Musc, Bois de santal, Caramel, Patchouli et Violette.","_links":{"self":[{"href":"https:\/\/masilaparfum.com\/index.php\/wp-json\/wp\/v2\/product\/6482","targetHints":{"allow":["GET"]}}],"collection":[{"href":"https:\/\/masilaparfum.com\/index.php\/wp-json\/wp\/v2\/product"}],"about":[{"href":"https:\/\/masilaparfum.com\/index.php\/wp-json\/wp\/v2\/types\/product"}],"replies":[{"embeddable":true,"href":"https:\/\/masilaparfum.com\/index.php\/wp-json\/wp\/v2\/comments?post=6482"}],"wp:featuredmedia":[{"embeddable":true,"href":"https:\/\/masilaparfum.com\/index.php\/wp-json\/wp\/v2\/media\/6483"}],"wp:attachment":[{"href":"https:\/\/masilaparfum.com\/index.php\/wp-json\/wp\/v2\/media?parent=6482"}],"wp:term":[{"taxonomy":"product_cat","embeddable":true,"href":"https:\/\/masilaparfum.com\/index.php\/wp-json\/wp\/v2\/product_cat?post=6482"},{"taxonomy":"product_tag","embeddable":true,"href":"https:\/\/masilaparfum.com\/index.php\/wp-json\/wp\/v2\/product_tag?post=6482"}],"curies":[{"name":"wp","href":"https:\/\/api.w.org\/{rel}","templated":true}]}}