{"id":6256,"date":"2023-03-21T19:28:24","date_gmt":"2023-03-21T19:28:24","guid":{"rendered":"https:\/\/masilaparfum.com\/?post_type=product&#038;p=6256"},"modified":"2025-03-26T01:38:58","modified_gmt":"2025-03-26T01:38:58","slug":"homme-intense-100ml","status":"publish","type":"product","link":"https:\/\/masilaparfum.com\/index.php\/product\/homme-intense-100ml\/","title":{"rendered":"DIOR HOMME INTENSE 100ml"},"content":{"rendered":"<h3 style=\"text-align: center\"><em><strong>DIOR HOMME INTENSE 100ml<\/strong><\/em><\/h3>\n<p style=\"text-align: center\"><em><strong>Un parfum pour HOMME<\/strong><\/em><\/p>\n<p style=\"text-align: center\"><em>Dior Homme Intense r\u00e9v\u00e8le la noblesse extr\u00eame et la sophistication d&rsquo;une eau de parfum puissante et affirm\u00e9e.<br \/>\nL&rsquo;intensit\u00e9 olfactive de l&rsquo;iris est sublim\u00e9e par une facette ambr\u00e9e et fruit\u00e9e et un fond de bois cors\u00e9 et pr\u00e9cieux. Un flacon simple et \u00e9l\u00e9gant dont la transparence d\u00e9voile l&rsquo;essentiel : la beaut\u00e9 de son jus.<\/em><\/p>\n<p style=\"text-align: center\"><em>\u00ab Dior Homme Intense est un oriental \u00ab sec \u00bb et tenace. Ses notes rondes sont cern\u00e9es par le bois qui ass\u00e8che la composition. Son c\u00f4t\u00e9 viril est franc, frontal. \u00bb Fran\u00e7ois Demachy, Parfumeur-Cr\u00e9ateur Dior<br \/>\nUne composition charnelle, intense et suave, dont le parfum est un appel sensuel.<\/em><\/p>\n<p style=\"text-align: center\"><em>QUALITE GARANTIE<\/em><\/p>\n","protected":false},"excerpt":{"rendered":"<p>DIOR HOMME INTENSE 100ml Un parfum pour HOMME Dior Homme Intense r\u00e9v\u00e8le la noblesse extr\u00eame et la sophistication d&rsquo;une eau de parfum puissante et affirm\u00e9e. L&rsquo;intensit\u00e9 olfactive de l&rsquo;iris est sublim\u00e9e par une facette ambr\u00e9e et fruit\u00e9e et un fond de bois cors\u00e9 et pr\u00e9cieux. Un flacon simple et \u00e9l\u00e9gant dont la transparence d\u00e9voile l&rsquo;essentiel [&hellip;]<\/p>\n","protected":false},"featured_media":6257,"comment_status":"closed","ping_status":"closed","template":"","meta":{"_uag_custom_page_level_css":"","site-sidebar-layout":"default","site-content-layout":"default","ast-site-content-layout":"default","site-content-style":"default","site-sidebar-style":"default","ast-global-header-display":"","ast-banner-title-visibility":"","ast-main-header-display":"","ast-hfb-above-header-display":"","ast-hfb-below-header-display":"","ast-hfb-mobile-header-display":"","site-post-title":"","ast-breadcrumbs-content":"","ast-featured-img":"","footer-sml-layout":"","theme-transparent-header-meta":"default","adv-header-id-meta":"","stick-header-meta":"","header-above-stick-meta":"","header-main-stick-meta":"","header-below-stick-meta":"","astra-migrate-meta-layouts":"set","ast-page-background-enabled":"default","ast-page-background-meta":{"desktop":{"background-color":"","background-image":"","background-repeat":"repeat","background-position":"center center","background-size":"auto","background-attachment":"scroll","background-type":"","background-media":"","overlay-type":"","overlay-color":"","overlay-opacity":"","overlay-gradient":""},"tablet":{"background-color":"","background-image":"","background-repeat":"repeat","background-position":"center center","background-size":"auto","background-attachment":"scroll","background-type":"","background-media":"","overlay-type":"","overlay-color":"","overlay-opacity":"","overlay-gradient":""},"mobile":{"background-color":"","background-image":"","background-repeat":"repeat","background-position":"center center","background-size":"auto","background-attachment":"scroll","background-type":"","background-media":"","overlay-type":"","overlay-color":"","overlay-opacity":"","overlay-gradient":""}},"ast-content-background-meta":{"desktop":{"background-color":"var(--ast-global-color-5)","background-image":"","background-repeat":"repeat","background-position":"center center","background-size":"auto","background-attachment":"scroll","background-type":"","background-media":"","overlay-type":"","overlay-color":"","overlay-opacity":"","overlay-gradient":""},"tablet":{"background-color":"var(--ast-global-color-5)","background-image":"","background-repeat":"repeat","background-position":"center center","background-size":"auto","background-attachment":"scroll","background-type":"","background-media":"","overlay-type":"","overlay-color":"","overlay-opacity":"","overlay-gradient":""},"mobile":{"background-color":"var(--ast-global-color-5)","background-image":"","background-repeat":"repeat","background-position":"center center","background-size":"auto","background-attachment":"scroll","background-type":"","background-media":"","overlay-type":"","overlay-color":"","overlay-opacity":"","overlay-gradient":""}}},"product_cat":[60],"product_tag":[],"class_list":{"0":"post-6256","1":"product","2":"type-product","3":"status-publish","4":"has-post-thumbnail","6":"product_cat-parfumhomme","7":"desktop-align-center","8":"tablet-align-left","9":"mobile-align-center","11":"first","12":"instock","13":"shipping-taxable","14":"purchasable","15":"product-type-simple"},"uagb_featured_image_src":{"full":["https:\/\/masilaparfum.com\/wp-content\/uploads\/2023\/03\/177218_swatch.jpg_6.jpg",1000,1056,false],"thumbnail":["https:\/\/masilaparfum.com\/wp-content\/uploads\/2023\/03\/177218_swatch.jpg_6-150x150.jpg",150,150,true],"medium":["https:\/\/masilaparfum.com\/wp-content\/uploads\/2023\/03\/177218_swatch.jpg_6-300x300.jpg",300,300,true],"medium_large":["https:\/\/masilaparfum.com\/wp-content\/uploads\/2023\/03\/177218_swatch.jpg_6-768x768.jpg",768,768,true],"large":["https:\/\/masilaparfum.com\/wp-content\/uploads\/2023\/03\/177218_swatch.jpg_6-1000x1024.jpg",1000,1024,true],"1536x1536":["https:\/\/masilaparfum.com\/wp-content\/uploads\/2023\/03\/177218_swatch.jpg_6.jpg",1000,1056,false],"2048x2048":["https:\/\/masilaparfum.com\/wp-content\/uploads\/2023\/03\/177218_swatch.jpg_6.jpg",1000,1056,false],"mailpoet_newsletter_max":["https:\/\/masilaparfum.com\/wp-content\/uploads\/2023\/03\/177218_swatch.jpg_6.jpg",1000,1056,false],"woocommerce_thumbnail":["https:\/\/masilaparfum.com\/wp-content\/uploads\/2023\/03\/177218_swatch.jpg_6-300x300.jpg",300,300,true],"woocommerce_single":["https:\/\/masilaparfum.com\/wp-content\/uploads\/2023\/03\/177218_swatch.jpg_6-600x634.jpg",600,634,true],"woocommerce_gallery_thumbnail":["https:\/\/masilaparfum.com\/wp-content\/uploads\/2023\/03\/177218_swatch.jpg_6-100x100.jpg",100,100,true],"wcpr-photo-reviews":["https:\/\/masilaparfum.com\/wp-content\/uploads\/2023\/03\/177218_swatch.jpg_6.jpg",473,500,false]},"uagb_author_info":{"display_name":"masilaparfum","author_link":"https:\/\/masilaparfum.com\/index.php\/author\/"},"uagb_comment_info":0,"uagb_excerpt":"DIOR HOMME INTENSE 100ml Un parfum pour HOMME Dior Homme Intense r\u00e9v\u00e8le la noblesse extr\u00eame et la sophistication d&rsquo;une eau de parfum puissante et affirm\u00e9e. L&rsquo;intensit\u00e9 olfactive de l&rsquo;iris est sublim\u00e9e par une facette ambr\u00e9e et fruit\u00e9e et un fond de bois cors\u00e9 et pr\u00e9cieux. Un flacon simple et \u00e9l\u00e9gant dont la transparence d\u00e9voile l&rsquo;essentiel\u2026","_links":{"self":[{"href":"https:\/\/masilaparfum.com\/index.php\/wp-json\/wp\/v2\/product\/6256","targetHints":{"allow":["GET"]}}],"collection":[{"href":"https:\/\/masilaparfum.com\/index.php\/wp-json\/wp\/v2\/product"}],"about":[{"href":"https:\/\/masilaparfum.com\/index.php\/wp-json\/wp\/v2\/types\/product"}],"replies":[{"embeddable":true,"href":"https:\/\/masilaparfum.com\/index.php\/wp-json\/wp\/v2\/comments?post=6256"}],"wp:featuredmedia":[{"embeddable":true,"href":"https:\/\/masilaparfum.com\/index.php\/wp-json\/wp\/v2\/media\/6257"}],"wp:attachment":[{"href":"https:\/\/masilaparfum.com\/index.php\/wp-json\/wp\/v2\/media?parent=6256"}],"wp:term":[{"taxonomy":"product_cat","embeddable":true,"href":"https:\/\/masilaparfum.com\/index.php\/wp-json\/wp\/v2\/product_cat?post=6256"},{"taxonomy":"product_tag","embeddable":true,"href":"https:\/\/masilaparfum.com\/index.php\/wp-json\/wp\/v2\/product_tag?post=6256"}],"curies":[{"name":"wp","href":"https:\/\/api.w.org\/{rel}","templated":true}]}}