{"id":6246,"date":"2023-03-21T19:09:39","date_gmt":"2023-03-21T19:09:39","guid":{"rendered":"https:\/\/masilaparfum.com\/?post_type=product&#038;p=6246"},"modified":"2025-03-26T01:42:18","modified_gmt":"2025-03-26T01:42:18","slug":"creed-aventus-edp-120ml","status":"publish","type":"product","link":"https:\/\/masilaparfum.com\/index.php\/product\/creed-aventus-edp-120ml\/","title":{"rendered":"CREED AVENTUS 100ml"},"content":{"rendered":"<div class=\"product-section\">\n<p style=\"text-align: center\"><strong style=\"font-size: 1.5em\"><em>CREED AVENTUS EDP 100 ml<\/em><\/strong><\/p>\n<\/div>\n<div class=\"product-section price-section\">\n<p style=\"text-align: center\"><strong><em>Un parfum pour HOMME<\/em><\/strong><\/p>\n<p style=\"text-align: center\"><em>Aventus est un parfum \u00e0 la fois puissant, conqu\u00e9rant et a\u00e9rien comme un chevalier des temps modernes o\u00f9 des effluves herbac\u00e9s c\u00f4toient Bergamote, Cassis, Pomme et Ananas en t\u00eate.<\/em><\/p>\n<p style=\"text-align: center\"><em>Avec des ar\u00f4mes Patchouli, de Bouleau, de Jasmin et de Baies Roses de la R\u00e9union, le coeur souligne un temp\u00e9rament aventureux tandis que l&rsquo;Ambre Gris, la Vanille et la Mousse de Ch\u00eane exhalent beaucoup de sensualit\u00e9 en fond.<br \/>\nAventus, une fragrance toute en nuances et en hardiesse.<\/em><\/p>\n<\/div>\n","protected":false},"excerpt":{"rendered":"<p>CREED AVENTUS EDP 100 ml Un parfum pour HOMME Aventus est un parfum \u00e0 la fois puissant, conqu\u00e9rant et a\u00e9rien comme un chevalier des temps modernes o\u00f9 des effluves herbac\u00e9s c\u00f4toient Bergamote, Cassis, Pomme et Ananas en t\u00eate. Avec des ar\u00f4mes Patchouli, de Bouleau, de Jasmin et de Baies Roses de la R\u00e9union, le coeur [&hellip;]<\/p>\n","protected":false},"featured_media":6247,"comment_status":"closed","ping_status":"closed","template":"","meta":{"_uag_custom_page_level_css":"","site-sidebar-layout":"default","site-content-layout":"default","ast-site-content-layout":"default","site-content-style":"default","site-sidebar-style":"default","ast-global-header-display":"","ast-banner-title-visibility":"","ast-main-header-display":"","ast-hfb-above-header-display":"","ast-hfb-below-header-display":"","ast-hfb-mobile-header-display":"","site-post-title":"","ast-breadcrumbs-content":"","ast-featured-img":"","footer-sml-layout":"","theme-transparent-header-meta":"default","adv-header-id-meta":"","stick-header-meta":"","header-above-stick-meta":"","header-main-stick-meta":"","header-below-stick-meta":"","astra-migrate-meta-layouts":"set","ast-page-background-enabled":"default","ast-page-background-meta":{"desktop":{"background-color":"","background-image":"","background-repeat":"repeat","background-position":"center center","background-size":"auto","background-attachment":"scroll","background-type":"","background-media":"","overlay-type":"","overlay-color":"","overlay-opacity":"","overlay-gradient":""},"tablet":{"background-color":"","background-image":"","background-repeat":"repeat","background-position":"center center","background-size":"auto","background-attachment":"scroll","background-type":"","background-media":"","overlay-type":"","overlay-color":"","overlay-opacity":"","overlay-gradient":""},"mobile":{"background-color":"","background-image":"","background-repeat":"repeat","background-position":"center center","background-size":"auto","background-attachment":"scroll","background-type":"","background-media":"","overlay-type":"","overlay-color":"","overlay-opacity":"","overlay-gradient":""}},"ast-content-background-meta":{"desktop":{"background-color":"var(--ast-global-color-5)","background-image":"","background-repeat":"repeat","background-position":"center center","background-size":"auto","background-attachment":"scroll","background-type":"","background-media":"","overlay-type":"","overlay-color":"","overlay-opacity":"","overlay-gradient":""},"tablet":{"background-color":"var(--ast-global-color-5)","background-image":"","background-repeat":"repeat","background-position":"center center","background-size":"auto","background-attachment":"scroll","background-type":"","background-media":"","overlay-type":"","overlay-color":"","overlay-opacity":"","overlay-gradient":""},"mobile":{"background-color":"var(--ast-global-color-5)","background-image":"","background-repeat":"repeat","background-position":"center center","background-size":"auto","background-attachment":"scroll","background-type":"","background-media":"","overlay-type":"","overlay-color":"","overlay-opacity":"","overlay-gradient":""}}},"product_cat":[60],"product_tag":[328],"class_list":{"0":"post-6246","1":"product","2":"type-product","3":"status-publish","4":"has-post-thumbnail","6":"product_cat-parfumhomme","7":"product_tag-mh","8":"desktop-align-center","9":"tablet-align-left","10":"mobile-align-center","12":"first","13":"instock","14":"shipping-taxable","15":"purchasable","16":"product-type-simple"},"uagb_featured_image_src":{"full":["https:\/\/masilaparfum.com\/wp-content\/uploads\/2023\/03\/3508441001114.jpeg",680,680,false],"thumbnail":["https:\/\/masilaparfum.com\/wp-content\/uploads\/2023\/03\/3508441001114-150x150.jpeg",150,150,true],"medium":["https:\/\/masilaparfum.com\/wp-content\/uploads\/2023\/03\/3508441001114-300x300.jpeg",300,300,true],"medium_large":["https:\/\/masilaparfum.com\/wp-content\/uploads\/2023\/03\/3508441001114.jpeg",680,680,false],"large":["https:\/\/masilaparfum.com\/wp-content\/uploads\/2023\/03\/3508441001114.jpeg",680,680,false],"1536x1536":["https:\/\/masilaparfum.com\/wp-content\/uploads\/2023\/03\/3508441001114.jpeg",680,680,false],"2048x2048":["https:\/\/masilaparfum.com\/wp-content\/uploads\/2023\/03\/3508441001114.jpeg",680,680,false],"mailpoet_newsletter_max":["https:\/\/masilaparfum.com\/wp-content\/uploads\/2023\/03\/3508441001114.jpeg",680,680,false],"woocommerce_thumbnail":["https:\/\/masilaparfum.com\/wp-content\/uploads\/2023\/03\/3508441001114-300x300.jpeg",300,300,true],"woocommerce_single":["https:\/\/masilaparfum.com\/wp-content\/uploads\/2023\/03\/3508441001114-600x600.jpeg",600,600,true],"woocommerce_gallery_thumbnail":["https:\/\/masilaparfum.com\/wp-content\/uploads\/2023\/03\/3508441001114-100x100.jpeg",100,100,true],"wcpr-photo-reviews":["https:\/\/masilaparfum.com\/wp-content\/uploads\/2023\/03\/3508441001114.jpeg",500,500,false]},"uagb_author_info":{"display_name":"masilaparfum","author_link":"https:\/\/masilaparfum.com\/index.php\/author\/"},"uagb_comment_info":0,"uagb_excerpt":"CREED AVENTUS EDP 100 ml Un parfum pour HOMME Aventus est un parfum \u00e0 la fois puissant, conqu\u00e9rant et a\u00e9rien comme un chevalier des temps modernes o\u00f9 des effluves herbac\u00e9s c\u00f4toient Bergamote, Cassis, Pomme et Ananas en t\u00eate. Avec des ar\u00f4mes Patchouli, de Bouleau, de Jasmin et de Baies Roses de la R\u00e9union, le coeur\u2026","_links":{"self":[{"href":"https:\/\/masilaparfum.com\/index.php\/wp-json\/wp\/v2\/product\/6246","targetHints":{"allow":["GET"]}}],"collection":[{"href":"https:\/\/masilaparfum.com\/index.php\/wp-json\/wp\/v2\/product"}],"about":[{"href":"https:\/\/masilaparfum.com\/index.php\/wp-json\/wp\/v2\/types\/product"}],"replies":[{"embeddable":true,"href":"https:\/\/masilaparfum.com\/index.php\/wp-json\/wp\/v2\/comments?post=6246"}],"wp:featuredmedia":[{"embeddable":true,"href":"https:\/\/masilaparfum.com\/index.php\/wp-json\/wp\/v2\/media\/6247"}],"wp:attachment":[{"href":"https:\/\/masilaparfum.com\/index.php\/wp-json\/wp\/v2\/media?parent=6246"}],"wp:term":[{"taxonomy":"product_cat","embeddable":true,"href":"https:\/\/masilaparfum.com\/index.php\/wp-json\/wp\/v2\/product_cat?post=6246"},{"taxonomy":"product_tag","embeddable":true,"href":"https:\/\/masilaparfum.com\/index.php\/wp-json\/wp\/v2\/product_tag?post=6246"}],"curies":[{"name":"wp","href":"https:\/\/api.w.org\/{rel}","templated":true}]}}