{"id":6221,"date":"2023-03-21T18:28:45","date_gmt":"2023-03-21T18:28:45","guid":{"rendered":"https:\/\/masilaparfum.com\/?post_type=product&#038;p=6221"},"modified":"2025-05-15T14:32:43","modified_gmt":"2025-05-15T13:32:43","slug":"dior-sauvage-edp-100ml","status":"publish","type":"product","link":"https:\/\/masilaparfum.com\/index.php\/product\/dior-sauvage-edp-100ml\/","title":{"rendered":"DIOR SAUVAGE EDP 100ML"},"content":{"rendered":"<h3 style=\"text-align: center;\"><strong><em>DIOR SAUVAGE EDP 100ML<\/em><\/strong><\/h3>\n<p style=\"text-align: center;\"><em><strong>Un parfum pour HOMME<\/strong><\/em><\/p>\n<p style=\"text-align: center;\"><em>Sauvage est un acte de cr\u00e9ation inspir\u00e9 des grands espaces. Un ciel bleu ozone qui domine un d\u00e9sert min\u00e9ral chauff\u00e9 \u00e0 blanc. Une composition franche pour un homme authentique et vrai.<\/em><\/p>\n<p><em>Les ingr\u00e9dients d&rsquo;origine naturelle, s\u00e9lectionn\u00e9s avec une extr\u00eame exigence, sont jou\u00e9s en surdose. L&rsquo;accroche est rayonnante gr\u00e2ce \u00e0 la fra\u00eecheur juteuse de la bergamote Reggio de Calabre. Le sillage, puissamment bois\u00e9, est sign\u00e9 par l&rsquo;ambroxan, issu du pr\u00e9cieux ambre gris.<\/em><\/p>\n<p style=\"text-align: center;\"><em>\u00a0PARFUM TESTEUR\u00a0<\/em><\/p>\n<p style=\"text-align: center;\"><em>QUALITE GARANTIE<\/em><\/p>\n<p style=\"text-align: center;\"><em>SATISFAIT OU REMBOURSEE<\/em><\/p>\n","protected":false},"excerpt":{"rendered":"<p>DIOR SAUVAGE EDP 100ML Un parfum pour HOMME Sauvage est un acte de cr\u00e9ation inspir\u00e9 des grands espaces. Un ciel bleu ozone qui domine un d\u00e9sert min\u00e9ral chauff\u00e9 \u00e0 blanc. Une composition franche pour un homme authentique et vrai. Les ingr\u00e9dients d&rsquo;origine naturelle, s\u00e9lectionn\u00e9s avec une extr\u00eame exigence, sont jou\u00e9s en surdose. L&rsquo;accroche est rayonnante [&hellip;]<\/p>\n","protected":false},"featured_media":6222,"comment_status":"open","ping_status":"closed","template":"","meta":{"_uag_custom_page_level_css":"","site-sidebar-layout":"default","site-content-layout":"default","ast-site-content-layout":"default","site-content-style":"default","site-sidebar-style":"default","ast-global-header-display":"","ast-banner-title-visibility":"","ast-main-header-display":"","ast-hfb-above-header-display":"","ast-hfb-below-header-display":"","ast-hfb-mobile-header-display":"","site-post-title":"","ast-breadcrumbs-content":"","ast-featured-img":"","footer-sml-layout":"","theme-transparent-header-meta":"default","adv-header-id-meta":"","stick-header-meta":"","header-above-stick-meta":"","header-main-stick-meta":"","header-below-stick-meta":"","astra-migrate-meta-layouts":"set","ast-page-background-enabled":"default","ast-page-background-meta":{"desktop":{"background-color":"","background-image":"","background-repeat":"repeat","background-position":"center center","background-size":"auto","background-attachment":"scroll","background-type":"","background-media":"","overlay-type":"","overlay-color":"","overlay-opacity":"","overlay-gradient":""},"tablet":{"background-color":"","background-image":"","background-repeat":"repeat","background-position":"center center","background-size":"auto","background-attachment":"scroll","background-type":"","background-media":"","overlay-type":"","overlay-color":"","overlay-opacity":"","overlay-gradient":""},"mobile":{"background-color":"","background-image":"","background-repeat":"repeat","background-position":"center center","background-size":"auto","background-attachment":"scroll","background-type":"","background-media":"","overlay-type":"","overlay-color":"","overlay-opacity":"","overlay-gradient":""}},"ast-content-background-meta":{"desktop":{"background-color":"var(--ast-global-color-5)","background-image":"","background-repeat":"repeat","background-position":"center center","background-size":"auto","background-attachment":"scroll","background-type":"","background-media":"","overlay-type":"","overlay-color":"","overlay-opacity":"","overlay-gradient":""},"tablet":{"background-color":"var(--ast-global-color-5)","background-image":"","background-repeat":"repeat","background-position":"center center","background-size":"auto","background-attachment":"scroll","background-type":"","background-media":"","overlay-type":"","overlay-color":"","overlay-opacity":"","overlay-gradient":""},"mobile":{"background-color":"var(--ast-global-color-5)","background-image":"","background-repeat":"repeat","background-position":"center center","background-size":"auto","background-attachment":"scroll","background-type":"","background-media":"","overlay-type":"","overlay-color":"","overlay-opacity":"","overlay-gradient":""}}},"product_cat":[60],"product_tag":[328],"class_list":{"0":"post-6221","1":"product","2":"type-product","3":"status-publish","4":"has-post-thumbnail","6":"product_cat-parfumhomme","7":"product_tag-mh","8":"desktop-align-center","9":"tablet-align-left","10":"mobile-align-center","12":"first","13":"instock","14":"sale","15":"shipping-taxable","16":"purchasable","17":"product-type-simple"},"uagb_featured_image_src":{"full":["https:\/\/masilaparfum.com\/wp-content\/uploads\/2023\/03\/3348901368247_1_4.jpeg",1000,1000,false],"thumbnail":["https:\/\/masilaparfum.com\/wp-content\/uploads\/2023\/03\/3348901368247_1_4-150x150.jpeg",150,150,true],"medium":["https:\/\/masilaparfum.com\/wp-content\/uploads\/2023\/03\/3348901368247_1_4-300x300.jpeg",300,300,true],"medium_large":["https:\/\/masilaparfum.com\/wp-content\/uploads\/2023\/03\/3348901368247_1_4-768x768.jpeg",768,768,true],"large":["https:\/\/masilaparfum.com\/wp-content\/uploads\/2023\/03\/3348901368247_1_4.jpeg",1000,1000,false],"1536x1536":["https:\/\/masilaparfum.com\/wp-content\/uploads\/2023\/03\/3348901368247_1_4.jpeg",1000,1000,false],"2048x2048":["https:\/\/masilaparfum.com\/wp-content\/uploads\/2023\/03\/3348901368247_1_4.jpeg",1000,1000,false],"mailpoet_newsletter_max":["https:\/\/masilaparfum.com\/wp-content\/uploads\/2023\/03\/3348901368247_1_4.jpeg",1000,1000,false],"woocommerce_thumbnail":["https:\/\/masilaparfum.com\/wp-content\/uploads\/2023\/03\/3348901368247_1_4-300x300.jpeg",300,300,true],"woocommerce_single":["https:\/\/masilaparfum.com\/wp-content\/uploads\/2023\/03\/3348901368247_1_4-600x600.jpeg",600,600,true],"woocommerce_gallery_thumbnail":["https:\/\/masilaparfum.com\/wp-content\/uploads\/2023\/03\/3348901368247_1_4-100x100.jpeg",100,100,true],"wcpr-photo-reviews":["https:\/\/masilaparfum.com\/wp-content\/uploads\/2023\/03\/3348901368247_1_4.jpeg",500,500,false]},"uagb_author_info":{"display_name":"masilaparfum","author_link":"https:\/\/masilaparfum.com\/index.php\/author\/"},"uagb_comment_info":0,"uagb_excerpt":"DIOR SAUVAGE EDP 100ML Un parfum pour HOMME Sauvage est un acte de cr\u00e9ation inspir\u00e9 des grands espaces. Un ciel bleu ozone qui domine un d\u00e9sert min\u00e9ral chauff\u00e9 \u00e0 blanc. Une composition franche pour un homme authentique et vrai. Les ingr\u00e9dients d&rsquo;origine naturelle, s\u00e9lectionn\u00e9s avec une extr\u00eame exigence, sont jou\u00e9s en surdose. L&rsquo;accroche est rayonnante\u2026","_links":{"self":[{"href":"https:\/\/masilaparfum.com\/index.php\/wp-json\/wp\/v2\/product\/6221","targetHints":{"allow":["GET"]}}],"collection":[{"href":"https:\/\/masilaparfum.com\/index.php\/wp-json\/wp\/v2\/product"}],"about":[{"href":"https:\/\/masilaparfum.com\/index.php\/wp-json\/wp\/v2\/types\/product"}],"replies":[{"embeddable":true,"href":"https:\/\/masilaparfum.com\/index.php\/wp-json\/wp\/v2\/comments?post=6221"}],"wp:featuredmedia":[{"embeddable":true,"href":"https:\/\/masilaparfum.com\/index.php\/wp-json\/wp\/v2\/media\/6222"}],"wp:attachment":[{"href":"https:\/\/masilaparfum.com\/index.php\/wp-json\/wp\/v2\/media?parent=6221"}],"wp:term":[{"taxonomy":"product_cat","embeddable":true,"href":"https:\/\/masilaparfum.com\/index.php\/wp-json\/wp\/v2\/product_cat?post=6221"},{"taxonomy":"product_tag","embeddable":true,"href":"https:\/\/masilaparfum.com\/index.php\/wp-json\/wp\/v2\/product_tag?post=6221"}],"curies":[{"name":"wp","href":"https:\/\/api.w.org\/{rel}","templated":true}]}}