{"id":6214,"date":"2023-03-21T18:18:37","date_gmt":"2023-03-21T18:18:37","guid":{"rendered":"https:\/\/masilaparfum.com\/?post_type=product&#038;p=6214"},"modified":"2023-03-21T18:18:37","modified_gmt":"2023-03-21T18:18:37","slug":"amouage-journey-100ml","status":"publish","type":"product","link":"https:\/\/masilaparfum.com\/index.php\/product\/amouage-journey-100ml\/","title":{"rendered":"AMOUAGE JOURNEY 100ml"},"content":{"rendered":"<h3 style=\"text-align: center;\"><em><strong>AMOUAGE JOURNEY EDP 100ml\u00a0<\/strong><\/em><\/h3>\n<p style=\"text-align: center;\"><strong><em>Un parfum pour HOMME<\/em><\/strong><\/p>\n<p style=\"text-align: center;\"><em>Amouage Journey par Amouage Cologne. Faites le voyage, profitez de la balade. Amouage Journey by Amouage est pour l&rsquo;homme qui dit \u00aboui\u00bb \u00e0 l&rsquo;aventure. Cr\u00e9\u00e9e en 2014 par Amouage, cette fragrance ne se retient pas et est aussi confiante que les hommes qui la portent. Le parfum bois\u00e9 et \u00e9pic\u00e9 a \u00e9t\u00e9 \u00e9labor\u00e9 avec des notes de poivre de Sichuan, de cardamome, de bergamote, de n\u00e9roli et de baies de geni\u00e8vre. Parfait pour l&rsquo;homme qui est toujours pr\u00eat \u00e0 relever un d\u00e9fi et qui cherche \u00e0 laisser une impression durable o\u00f9 qu&rsquo;il aille.<\/em><\/p>\n<div data-tabs-content=\"phg2ru-responsiveaccordiontabs\">\n<div data-tab-content=\"\">\n<p style=\"text-align: center;\"><em>QUALITE GARANTIE<\/em><\/p>\n<p style=\"text-align: center;\"><em>SATISFAIT OU REMBOURSEE<\/em><\/p>\n<\/div>\n<\/div>\n<div><\/div>\n","protected":false},"excerpt":{"rendered":"<h3 style=\"text-align: center;\"><em><strong>AMOUAGE JOURNEY EDP 100ml\u00a0<\/strong><\/em><\/h3>\n<p style=\"text-align: center;\"><strong><em>Un parfum pour HOMME<\/em><\/strong><\/p>\n<p style=\"text-align: center;\"><em>Amouage Journey par Amouage Cologne. Faites le voyage, profitez de la balade. Amouage Journey by Amouage est pour l&rsquo;homme qui dit \u00aboui\u00bb \u00e0 l&rsquo;aventure. Cr\u00e9\u00e9e en 2014 par Amouage, cette fragrance ne se retient pas et est aussi confiante que les hommes qui la portent. Le parfum bois\u00e9 et \u00e9pic\u00e9 a \u00e9t\u00e9 \u00e9labor\u00e9 avec des notes de poivre de Sichuan, de cardamome, de bergamote, de n\u00e9roli et de baies de geni\u00e8vre. Parfait pour l&rsquo;homme qui est toujours pr\u00eat \u00e0 relever un d\u00e9fi et qui cherche \u00e0 laisser une impression durable o\u00f9 qu&rsquo;il aille.<\/em><\/p>\n","protected":false},"featured_media":6215,"comment_status":"open","ping_status":"closed","template":"","meta":{"_uag_custom_page_level_css":"","site-sidebar-layout":"default","site-content-layout":"default","ast-site-content-layout":"","site-content-style":"default","site-sidebar-style":"default","ast-global-header-display":"","ast-banner-title-visibility":"","ast-main-header-display":"","ast-hfb-above-header-display":"","ast-hfb-below-header-display":"","ast-hfb-mobile-header-display":"","site-post-title":"","ast-breadcrumbs-content":"","ast-featured-img":"","footer-sml-layout":"","theme-transparent-header-meta":"default","adv-header-id-meta":"","stick-header-meta":"","header-above-stick-meta":"","header-main-stick-meta":"","header-below-stick-meta":"","astra-migrate-meta-layouts":"default","ast-page-background-enabled":"default","ast-page-background-meta":{"desktop":{"background-color":"","background-image":"","background-repeat":"repeat","background-position":"center center","background-size":"auto","background-attachment":"scroll","background-type":"","background-media":"","overlay-type":"","overlay-color":"","overlay-opacity":"","overlay-gradient":""},"tablet":{"background-color":"","background-image":"","background-repeat":"repeat","background-position":"center center","background-size":"auto","background-attachment":"scroll","background-type":"","background-media":"","overlay-type":"","overlay-color":"","overlay-opacity":"","overlay-gradient":""},"mobile":{"background-color":"","background-image":"","background-repeat":"repeat","background-position":"center center","background-size":"auto","background-attachment":"scroll","background-type":"","background-media":"","overlay-type":"","overlay-color":"","overlay-opacity":"","overlay-gradient":""}},"ast-content-background-meta":{"desktop":{"background-color":"var(--ast-global-color-5)","background-image":"","background-repeat":"repeat","background-position":"center center","background-size":"auto","background-attachment":"scroll","background-type":"","background-media":"","overlay-type":"","overlay-color":"","overlay-opacity":"","overlay-gradient":""},"tablet":{"background-color":"var(--ast-global-color-5)","background-image":"","background-repeat":"repeat","background-position":"center center","background-size":"auto","background-attachment":"scroll","background-type":"","background-media":"","overlay-type":"","overlay-color":"","overlay-opacity":"","overlay-gradient":""},"mobile":{"background-color":"var(--ast-global-color-5)","background-image":"","background-repeat":"repeat","background-position":"center center","background-size":"auto","background-attachment":"scroll","background-type":"","background-media":"","overlay-type":"","overlay-color":"","overlay-opacity":"","overlay-gradient":""}}},"product_cat":[60],"product_tag":[],"class_list":{"0":"post-6214","1":"product","2":"type-product","3":"status-publish","4":"has-post-thumbnail","6":"product_cat-parfumhomme","7":"desktop-align-center","8":"tablet-align-left","9":"mobile-align-center","11":"first","12":"instock","13":"shipping-taxable","14":"purchasable","15":"product-type-simple"},"uagb_featured_image_src":{"full":["https:\/\/masilaparfum.com\/wp-content\/uploads\/2023\/03\/journey-man-amouage-12991.jpeg",500,500,false],"thumbnail":["https:\/\/masilaparfum.com\/wp-content\/uploads\/2023\/03\/journey-man-amouage-12991-150x150.jpeg",150,150,true],"medium":["https:\/\/masilaparfum.com\/wp-content\/uploads\/2023\/03\/journey-man-amouage-12991-300x300.jpeg",300,300,true],"medium_large":["https:\/\/masilaparfum.com\/wp-content\/uploads\/2023\/03\/journey-man-amouage-12991.jpeg",500,500,false],"large":["https:\/\/masilaparfum.com\/wp-content\/uploads\/2023\/03\/journey-man-amouage-12991.jpeg",500,500,false],"1536x1536":["https:\/\/masilaparfum.com\/wp-content\/uploads\/2023\/03\/journey-man-amouage-12991.jpeg",500,500,false],"2048x2048":["https:\/\/masilaparfum.com\/wp-content\/uploads\/2023\/03\/journey-man-amouage-12991.jpeg",500,500,false],"mailpoet_newsletter_max":["https:\/\/masilaparfum.com\/wp-content\/uploads\/2023\/03\/journey-man-amouage-12991.jpeg",500,500,false],"woocommerce_thumbnail":["https:\/\/masilaparfum.com\/wp-content\/uploads\/2023\/03\/journey-man-amouage-12991-300x300.jpeg",300,300,true],"woocommerce_single":["https:\/\/masilaparfum.com\/wp-content\/uploads\/2023\/03\/journey-man-amouage-12991.jpeg",500,500,false],"woocommerce_gallery_thumbnail":["https:\/\/masilaparfum.com\/wp-content\/uploads\/2023\/03\/journey-man-amouage-12991-100x100.jpeg",100,100,true],"wcpr-photo-reviews":["https:\/\/masilaparfum.com\/wp-content\/uploads\/2023\/03\/journey-man-amouage-12991.jpeg",500,500,false]},"uagb_author_info":{"display_name":"masilaparfum","author_link":"https:\/\/masilaparfum.com\/index.php\/author\/"},"uagb_comment_info":1,"uagb_excerpt":"AMOUAGE JOURNEY EDP 100ml\u00a0 Un parfum pour HOMME Amouage Journey par Amouage Cologne. Faites le voyage, profitez de la balade. Amouage Journey by Amouage est pour l'homme qui dit \u00aboui\u00bb \u00e0 l'aventure. Cr\u00e9\u00e9e en 2014 par Amouage, cette fragrance ne se retient pas et est aussi confiante que les hommes qui la portent. Le parfum\u2026","_links":{"self":[{"href":"https:\/\/masilaparfum.com\/index.php\/wp-json\/wp\/v2\/product\/6214","targetHints":{"allow":["GET"]}}],"collection":[{"href":"https:\/\/masilaparfum.com\/index.php\/wp-json\/wp\/v2\/product"}],"about":[{"href":"https:\/\/masilaparfum.com\/index.php\/wp-json\/wp\/v2\/types\/product"}],"replies":[{"embeddable":true,"href":"https:\/\/masilaparfum.com\/index.php\/wp-json\/wp\/v2\/comments?post=6214"}],"wp:featuredmedia":[{"embeddable":true,"href":"https:\/\/masilaparfum.com\/index.php\/wp-json\/wp\/v2\/media\/6215"}],"wp:attachment":[{"href":"https:\/\/masilaparfum.com\/index.php\/wp-json\/wp\/v2\/media?parent=6214"}],"wp:term":[{"taxonomy":"product_cat","embeddable":true,"href":"https:\/\/masilaparfum.com\/index.php\/wp-json\/wp\/v2\/product_cat?post=6214"},{"taxonomy":"product_tag","embeddable":true,"href":"https:\/\/masilaparfum.com\/index.php\/wp-json\/wp\/v2\/product_tag?post=6214"}],"curies":[{"name":"wp","href":"https:\/\/api.w.org\/{rel}","templated":true}]}}