{"id":6165,"date":"2023-03-21T16:27:11","date_gmt":"2023-03-21T16:27:11","guid":{"rendered":"https:\/\/masilaparfum.com\/?post_type=product&#038;p=6165"},"modified":"2025-06-16T13:52:21","modified_gmt":"2025-06-16T12:52:21","slug":"allure-homme-sport-100-ml","status":"publish","type":"product","link":"https:\/\/masilaparfum.com\/index.php\/product\/allure-homme-sport-100-ml\/","title":{"rendered":"ALLURE HOMME SPORT 100 ml"},"content":{"rendered":"","protected":false},"excerpt":{"rendered":"<h3 style=\"text-align: center\"><em><strong>ALLURE HOMME SPORT 100 ml<\/strong><\/em><\/h3>\n<p style=\"text-align: center\"><em><strong>Un parfum pour HOMME<\/strong><\/em><\/p>\n<p style=\"text-align: center\"><em>Jacques POLGE a cr\u00e9\u00e9 ALLURE HOMME SPORT autour des 4 facettes, fra\u00eeche, sensuelle, bois\u00e9e et \u00e9pic\u00e9e qui composent ALLURE HOMME. Au sein de cette cr\u00e9ation, la facette fra\u00eeche prend d\u00e9lib\u00e9r\u00e9ment le pas sur les autres facettes et s&rsquo;allie \u00e0 une nouvelle sensualit\u00e9. Une fra\u00eecheur p\u00e9tillante et vivifiante, une sensualit\u00e9 naturelle et lumineuse, exaltant la senteur de la peau nue au grand air&#8230; pour dessiner une allure infiniment s\u00e9duisante.<\/em><br \/>\n<em>Flacon verre laqu\u00e9 argent, capot gomme noir bagu\u00e9 d&rsquo;acier, fin lettrage noir avec une pointe de rouge&#8230;<\/em><br \/>\n<em>Jacques HELLEU s&rsquo;est inspir\u00e9, tout en subtilit\u00e9, des codes du sport, qui, associ\u00e9s au luxe et \u00e0 l&rsquo;\u00e9l\u00e9gance propres \u00e0 CHANEL, font de ce packaging une cr\u00e9ation originale et r\u00e9solument masculine<\/em><\/p>\n","protected":false},"featured_media":8095,"comment_status":"closed","ping_status":"closed","template":"","meta":{"_uag_custom_page_level_css":"","site-sidebar-layout":"default","site-content-layout":"default","ast-site-content-layout":"default","site-content-style":"default","site-sidebar-style":"default","ast-global-header-display":"","ast-banner-title-visibility":"","ast-main-header-display":"","ast-hfb-above-header-display":"","ast-hfb-below-header-display":"","ast-hfb-mobile-header-display":"","site-post-title":"","ast-breadcrumbs-content":"","ast-featured-img":"","footer-sml-layout":"","theme-transparent-header-meta":"default","adv-header-id-meta":"","stick-header-meta":"","header-above-stick-meta":"","header-main-stick-meta":"","header-below-stick-meta":"","astra-migrate-meta-layouts":"set","ast-page-background-enabled":"default","ast-page-background-meta":{"desktop":{"background-color":"","background-image":"","background-repeat":"repeat","background-position":"center center","background-size":"auto","background-attachment":"scroll","background-type":"","background-media":"","overlay-type":"","overlay-color":"","overlay-opacity":"","overlay-gradient":""},"tablet":{"background-color":"","background-image":"","background-repeat":"repeat","background-position":"center center","background-size":"auto","background-attachment":"scroll","background-type":"","background-media":"","overlay-type":"","overlay-color":"","overlay-opacity":"","overlay-gradient":""},"mobile":{"background-color":"","background-image":"","background-repeat":"repeat","background-position":"center center","background-size":"auto","background-attachment":"scroll","background-type":"","background-media":"","overlay-type":"","overlay-color":"","overlay-opacity":"","overlay-gradient":""}},"ast-content-background-meta":{"desktop":{"background-color":"var(--ast-global-color-5)","background-image":"","background-repeat":"repeat","background-position":"center center","background-size":"auto","background-attachment":"scroll","background-type":"","background-media":"","overlay-type":"","overlay-color":"","overlay-opacity":"","overlay-gradient":""},"tablet":{"background-color":"var(--ast-global-color-5)","background-image":"","background-repeat":"repeat","background-position":"center center","background-size":"auto","background-attachment":"scroll","background-type":"","background-media":"","overlay-type":"","overlay-color":"","overlay-opacity":"","overlay-gradient":""},"mobile":{"background-color":"var(--ast-global-color-5)","background-image":"","background-repeat":"repeat","background-position":"center center","background-size":"auto","background-attachment":"scroll","background-type":"","background-media":"","overlay-type":"","overlay-color":"","overlay-opacity":"","overlay-gradient":""}}},"product_cat":[60],"product_tag":[],"class_list":{"0":"post-6165","1":"product","2":"type-product","3":"status-publish","4":"has-post-thumbnail","6":"product_cat-parfumhomme","7":"desktop-align-center","8":"tablet-align-left","9":"mobile-align-center","11":"first","12":"instock","13":"shipping-taxable","14":"purchasable","15":"product-type-simple"},"uagb_featured_image_src":{"full":["https:\/\/masilaparfum.com\/wp-content\/uploads\/2023\/03\/allure-homme-sport-chanel-prix-eau-de-toilette-pas-cher-maroc-1.jpg",700,823,false],"thumbnail":["https:\/\/masilaparfum.com\/wp-content\/uploads\/2023\/03\/allure-homme-sport-chanel-prix-eau-de-toilette-pas-cher-maroc-1-150x150.jpg",150,150,true],"medium":["https:\/\/masilaparfum.com\/wp-content\/uploads\/2023\/03\/allure-homme-sport-chanel-prix-eau-de-toilette-pas-cher-maroc-1-300x300.jpg",300,300,true],"medium_large":["https:\/\/masilaparfum.com\/wp-content\/uploads\/2023\/03\/allure-homme-sport-chanel-prix-eau-de-toilette-pas-cher-maroc-1-700x768.jpg",700,768,true],"large":["https:\/\/masilaparfum.com\/wp-content\/uploads\/2023\/03\/allure-homme-sport-chanel-prix-eau-de-toilette-pas-cher-maroc-1.jpg",700,823,false],"1536x1536":["https:\/\/masilaparfum.com\/wp-content\/uploads\/2023\/03\/allure-homme-sport-chanel-prix-eau-de-toilette-pas-cher-maroc-1.jpg",700,823,false],"2048x2048":["https:\/\/masilaparfum.com\/wp-content\/uploads\/2023\/03\/allure-homme-sport-chanel-prix-eau-de-toilette-pas-cher-maroc-1.jpg",700,823,false],"mailpoet_newsletter_max":["https:\/\/masilaparfum.com\/wp-content\/uploads\/2023\/03\/allure-homme-sport-chanel-prix-eau-de-toilette-pas-cher-maroc-1.jpg",700,823,false],"woocommerce_thumbnail":["https:\/\/masilaparfum.com\/wp-content\/uploads\/2023\/03\/allure-homme-sport-chanel-prix-eau-de-toilette-pas-cher-maroc-1-300x300.jpg",300,300,true],"woocommerce_single":["https:\/\/masilaparfum.com\/wp-content\/uploads\/2023\/03\/allure-homme-sport-chanel-prix-eau-de-toilette-pas-cher-maroc-1-600x705.jpg",600,705,true],"woocommerce_gallery_thumbnail":["https:\/\/masilaparfum.com\/wp-content\/uploads\/2023\/03\/allure-homme-sport-chanel-prix-eau-de-toilette-pas-cher-maroc-1-100x100.jpg",100,100,true],"wcpr-photo-reviews":["https:\/\/masilaparfum.com\/wp-content\/uploads\/2023\/03\/allure-homme-sport-chanel-prix-eau-de-toilette-pas-cher-maroc-1.jpg",425,500,false]},"uagb_author_info":{"display_name":"masilaparfum","author_link":"https:\/\/masilaparfum.com\/index.php\/author\/"},"uagb_comment_info":0,"uagb_excerpt":"ALLURE HOMME SPORT 100 ml Un parfum pour HOMME Jacques POLGE a cr\u00e9\u00e9 ALLURE HOMME SPORT autour des 4 facettes, fra\u00eeche, sensuelle, bois\u00e9e et \u00e9pic\u00e9e qui composent ALLURE HOMME. Au sein de cette cr\u00e9ation, la facette fra\u00eeche prend d\u00e9lib\u00e9r\u00e9ment le pas sur les autres facettes et s'allie \u00e0 une nouvelle sensualit\u00e9. Une fra\u00eecheur p\u00e9tillante et\u2026","_links":{"self":[{"href":"https:\/\/masilaparfum.com\/index.php\/wp-json\/wp\/v2\/product\/6165","targetHints":{"allow":["GET"]}}],"collection":[{"href":"https:\/\/masilaparfum.com\/index.php\/wp-json\/wp\/v2\/product"}],"about":[{"href":"https:\/\/masilaparfum.com\/index.php\/wp-json\/wp\/v2\/types\/product"}],"replies":[{"embeddable":true,"href":"https:\/\/masilaparfum.com\/index.php\/wp-json\/wp\/v2\/comments?post=6165"}],"wp:featuredmedia":[{"embeddable":true,"href":"https:\/\/masilaparfum.com\/index.php\/wp-json\/wp\/v2\/media\/8095"}],"wp:attachment":[{"href":"https:\/\/masilaparfum.com\/index.php\/wp-json\/wp\/v2\/media?parent=6165"}],"wp:term":[{"taxonomy":"product_cat","embeddable":true,"href":"https:\/\/masilaparfum.com\/index.php\/wp-json\/wp\/v2\/product_cat?post=6165"},{"taxonomy":"product_tag","embeddable":true,"href":"https:\/\/masilaparfum.com\/index.php\/wp-json\/wp\/v2\/product_tag?post=6165"}],"curies":[{"name":"wp","href":"https:\/\/api.w.org\/{rel}","templated":true}]}}