{"id":6124,"date":"2023-03-19T00:24:44","date_gmt":"2023-03-18T23:24:44","guid":{"rendered":"https:\/\/masilaparfum.com\/?post_type=product&#038;p=6124"},"modified":"2025-03-26T01:53:15","modified_gmt":"2025-03-26T01:53:15","slug":"montale-arabians-tonka-edp-100ml","status":"publish","type":"product","link":"https:\/\/masilaparfum.com\/index.php\/product\/montale-arabians-tonka-edp-100ml\/","title":{"rendered":"MONTALE ARABIANS TONKA EDP 100ML"},"content":{"rendered":"<h2 style=\"text-align: center\"><em><strong>Montale Arabians Tonka<\/strong><\/em><\/h2>\n<p style=\"text-align: center\"><strong>arabians Tonka de Montale est un parfum Ambre bois\u00e9 pour homme et femme. Arabians Tonka a \u00e9t\u00e9 lanc\u00e9 en 2019.<\/strong><\/p>\n<p style=\"text-align: center\"><strong>Les notes de t\u00eate sont Safran et Bergamote; les notes de coeur sont Oud et Rose de Bulgarie; les notes de fond sont Canne \u00e0 sucre, F\u00e8ve de tonka, Ambre, Musc blanc et Mousse de ch\u00eane.<\/strong><\/p>\n<p style=\"text-align: center\"><strong>QUALITE GARANTIE<\/strong><\/p>\n<p style=\"text-align: center\"><strong>PARFUM TESTEUR<\/strong><\/p>\n","protected":false},"excerpt":{"rendered":"<h2 style=\"text-align: center\"><em><strong>Montale Arabians Tonka<\/strong><\/em><\/h2>\n<p style=\"text-align: center\"><strong>arabians Tonka de Montale est un parfum Ambre bois\u00e9 pour homme et femme. Arabians Tonka a \u00e9t\u00e9 lanc\u00e9 en 2019.<\/strong><\/p>\n<p style=\"text-align: center\"><strong>Les notes de t\u00eate sont Safran et Bergamote; les notes de coeur sont Oud et Rose de Bulgarie; les notes de fond sont Canne \u00e0 sucre, F\u00e8ve de tonka, Ambre, Musc blanc et Mousse de ch\u00eane.<\/strong><\/p>\n","protected":false},"featured_media":6125,"comment_status":"closed","ping_status":"closed","template":"","meta":{"_uag_custom_page_level_css":"","site-sidebar-layout":"default","site-content-layout":"default","ast-site-content-layout":"","site-content-style":"default","site-sidebar-style":"default","ast-global-header-display":"","ast-banner-title-visibility":"","ast-main-header-display":"","ast-hfb-above-header-display":"","ast-hfb-below-header-display":"","ast-hfb-mobile-header-display":"","site-post-title":"","ast-breadcrumbs-content":"","ast-featured-img":"","footer-sml-layout":"","theme-transparent-header-meta":"default","adv-header-id-meta":"","stick-header-meta":"","header-above-stick-meta":"","header-main-stick-meta":"","header-below-stick-meta":"","astra-migrate-meta-layouts":"default","ast-page-background-enabled":"default","ast-page-background-meta":{"desktop":{"background-color":"","background-image":"","background-repeat":"repeat","background-position":"center center","background-size":"auto","background-attachment":"scroll","background-type":"","background-media":"","overlay-type":"","overlay-color":"","overlay-opacity":"","overlay-gradient":""},"tablet":{"background-color":"","background-image":"","background-repeat":"repeat","background-position":"center center","background-size":"auto","background-attachment":"scroll","background-type":"","background-media":"","overlay-type":"","overlay-color":"","overlay-opacity":"","overlay-gradient":""},"mobile":{"background-color":"","background-image":"","background-repeat":"repeat","background-position":"center center","background-size":"auto","background-attachment":"scroll","background-type":"","background-media":"","overlay-type":"","overlay-color":"","overlay-opacity":"","overlay-gradient":""}},"ast-content-background-meta":{"desktop":{"background-color":"var(--ast-global-color-5)","background-image":"","background-repeat":"repeat","background-position":"center center","background-size":"auto","background-attachment":"scroll","background-type":"","background-media":"","overlay-type":"","overlay-color":"","overlay-opacity":"","overlay-gradient":""},"tablet":{"background-color":"var(--ast-global-color-5)","background-image":"","background-repeat":"repeat","background-position":"center center","background-size":"auto","background-attachment":"scroll","background-type":"","background-media":"","overlay-type":"","overlay-color":"","overlay-opacity":"","overlay-gradient":""},"mobile":{"background-color":"var(--ast-global-color-5)","background-image":"","background-repeat":"repeat","background-position":"center center","background-size":"auto","background-attachment":"scroll","background-type":"","background-media":"","overlay-type":"","overlay-color":"","overlay-opacity":"","overlay-gradient":""}}},"product_cat":[59,60,62],"product_tag":[328],"class_list":{"0":"post-6124","1":"product","2":"type-product","3":"status-publish","4":"has-post-thumbnail","6":"product_cat-parfumfemme","7":"product_cat-parfumhomme","8":"product_cat-parfum-unisex","9":"product_tag-mh","10":"desktop-align-center","11":"tablet-align-left","12":"mobile-align-center","14":"first","15":"instock","16":"sale","17":"shipping-taxable","18":"purchasable","19":"product-type-simple"},"uagb_featured_image_src":{"full":["https:\/\/masilaparfum.com\/wp-content\/uploads\/2023\/03\/arabians-tonka.png",505,502,false],"thumbnail":["https:\/\/masilaparfum.com\/wp-content\/uploads\/2023\/03\/arabians-tonka-150x150.png",150,150,true],"medium":["https:\/\/masilaparfum.com\/wp-content\/uploads\/2023\/03\/arabians-tonka-300x300.png",300,300,true],"medium_large":["https:\/\/masilaparfum.com\/wp-content\/uploads\/2023\/03\/arabians-tonka.png",505,502,false],"large":["https:\/\/masilaparfum.com\/wp-content\/uploads\/2023\/03\/arabians-tonka.png",505,502,false],"1536x1536":["https:\/\/masilaparfum.com\/wp-content\/uploads\/2023\/03\/arabians-tonka.png",505,502,false],"2048x2048":["https:\/\/masilaparfum.com\/wp-content\/uploads\/2023\/03\/arabians-tonka.png",505,502,false],"mailpoet_newsletter_max":["https:\/\/masilaparfum.com\/wp-content\/uploads\/2023\/03\/arabians-tonka.png",505,502,false],"woocommerce_thumbnail":["https:\/\/masilaparfum.com\/wp-content\/uploads\/2023\/03\/arabians-tonka-300x300.png",300,300,true],"woocommerce_single":["https:\/\/masilaparfum.com\/wp-content\/uploads\/2023\/03\/arabians-tonka.png",505,502,false],"woocommerce_gallery_thumbnail":["https:\/\/masilaparfum.com\/wp-content\/uploads\/2023\/03\/arabians-tonka-100x100.png",100,100,true],"wcpr-photo-reviews":["https:\/\/masilaparfum.com\/wp-content\/uploads\/2023\/03\/arabians-tonka.png",500,497,false]},"uagb_author_info":{"display_name":"masilaparfum","author_link":"https:\/\/masilaparfum.com\/index.php\/author\/"},"uagb_comment_info":0,"uagb_excerpt":"Montale Arabians Tonka arabians Tonka de Montale est un parfum Ambre bois\u00e9 pour homme et femme. Arabians Tonka a \u00e9t\u00e9 lanc\u00e9 en 2019. Les notes de t\u00eate sont Safran et Bergamote; les notes de coeur sont Oud et Rose de Bulgarie; les notes de fond sont Canne \u00e0 sucre, F\u00e8ve de tonka, Ambre, Musc blanc\u2026","_links":{"self":[{"href":"https:\/\/masilaparfum.com\/index.php\/wp-json\/wp\/v2\/product\/6124","targetHints":{"allow":["GET"]}}],"collection":[{"href":"https:\/\/masilaparfum.com\/index.php\/wp-json\/wp\/v2\/product"}],"about":[{"href":"https:\/\/masilaparfum.com\/index.php\/wp-json\/wp\/v2\/types\/product"}],"replies":[{"embeddable":true,"href":"https:\/\/masilaparfum.com\/index.php\/wp-json\/wp\/v2\/comments?post=6124"}],"wp:featuredmedia":[{"embeddable":true,"href":"https:\/\/masilaparfum.com\/index.php\/wp-json\/wp\/v2\/media\/6125"}],"wp:attachment":[{"href":"https:\/\/masilaparfum.com\/index.php\/wp-json\/wp\/v2\/media?parent=6124"}],"wp:term":[{"taxonomy":"product_cat","embeddable":true,"href":"https:\/\/masilaparfum.com\/index.php\/wp-json\/wp\/v2\/product_cat?post=6124"},{"taxonomy":"product_tag","embeddable":true,"href":"https:\/\/masilaparfum.com\/index.php\/wp-json\/wp\/v2\/product_tag?post=6124"}],"curies":[{"name":"wp","href":"https:\/\/api.w.org\/{rel}","templated":true}]}}