{"id":5314,"date":"2023-03-13T18:47:05","date_gmt":"2023-03-13T17:47:05","guid":{"rendered":"https:\/\/masilaparfum.com\/?post_type=product&#038;p=5314"},"modified":"2026-01-25T19:57:43","modified_gmt":"2026-01-25T18:57:43","slug":"lailmalaki","status":"publish","type":"product","link":"https:\/\/masilaparfum.com\/index.php\/product\/lailmalaki\/","title":{"rendered":"DG Layl Malaki"},"content":{"rendered":"<p style=\"text-align: center\"><strong>\u00a0Layl Malaki est le nouveau parfum pour rejoindre l&#8217;embl\u00e9matique Dolce &amp; Gabbana The One line. Disponible exclusivement dans les magasins s\u00e9lectionn\u00e9s dans le monde entier, ce nouvel ajout au monde de The One offre un voyage olfactif au Moyen-Orient, en \u00e9cho \u00e0 ses senteurs et de sensations. Une partie de la famille de parfum Oriental Woody,<\/strong><\/p>\n<p style=\"text-align: center\">\n","protected":false},"excerpt":{"rendered":"<p><strong>\u00a0Layl Malaki est le nouveau parfum pour rejoindre l&#8217;embl\u00e9matique.\u00a0<\/strong><\/p>\n","protected":false},"featured_media":6320,"comment_status":"open","ping_status":"closed","template":"","meta":{"_uag_custom_page_level_css":"","site-sidebar-layout":"default","site-content-layout":"default","ast-site-content-layout":"","site-content-style":"default","site-sidebar-style":"default","ast-global-header-display":"","ast-banner-title-visibility":"","ast-main-header-display":"","ast-hfb-above-header-display":"","ast-hfb-below-header-display":"","ast-hfb-mobile-header-display":"","site-post-title":"","ast-breadcrumbs-content":"","ast-featured-img":"","footer-sml-layout":"","theme-transparent-header-meta":"default","adv-header-id-meta":"","stick-header-meta":"","header-above-stick-meta":"","header-main-stick-meta":"","header-below-stick-meta":"","astra-migrate-meta-layouts":"default","ast-page-background-enabled":"default","ast-page-background-meta":{"desktop":{"background-color":"","background-image":"","background-repeat":"repeat","background-position":"center center","background-size":"auto","background-attachment":"scroll","background-type":"","background-media":"","overlay-type":"","overlay-color":"","overlay-opacity":"","overlay-gradient":""},"tablet":{"background-color":"","background-image":"","background-repeat":"repeat","background-position":"center center","background-size":"auto","background-attachment":"scroll","background-type":"","background-media":"","overlay-type":"","overlay-color":"","overlay-opacity":"","overlay-gradient":""},"mobile":{"background-color":"","background-image":"","background-repeat":"repeat","background-position":"center center","background-size":"auto","background-attachment":"scroll","background-type":"","background-media":"","overlay-type":"","overlay-color":"","overlay-opacity":"","overlay-gradient":""}},"ast-content-background-meta":{"desktop":{"background-color":"var(--ast-global-color-5)","background-image":"","background-repeat":"repeat","background-position":"center center","background-size":"auto","background-attachment":"scroll","background-type":"","background-media":"","overlay-type":"","overlay-color":"","overlay-opacity":"","overlay-gradient":""},"tablet":{"background-color":"var(--ast-global-color-5)","background-image":"","background-repeat":"repeat","background-position":"center center","background-size":"auto","background-attachment":"scroll","background-type":"","background-media":"","overlay-type":"","overlay-color":"","overlay-opacity":"","overlay-gradient":""},"mobile":{"background-color":"var(--ast-global-color-5)","background-image":"","background-repeat":"repeat","background-position":"center center","background-size":"auto","background-attachment":"scroll","background-type":"","background-media":"","overlay-type":"","overlay-color":"","overlay-opacity":"","overlay-gradient":""}}},"product_cat":[60],"product_tag":[],"class_list":{"0":"post-5314","1":"product","2":"type-product","3":"status-publish","4":"has-post-thumbnail","6":"product_cat-parfumhomme","7":"desktop-align-center","8":"tablet-align-left","9":"mobile-align-center","11":"first","12":"instock","13":"sale","14":"featured","15":"shipping-taxable","16":"purchasable","17":"product-type-simple"},"uagb_featured_image_src":{"full":["https:\/\/masilaparfum.com\/wp-content\/uploads\/2023\/03\/ULmM9USBmm3pZOYmf7DMz3YQOb6x0tF9igutFJsi_lg.jpeg",680,680,false],"thumbnail":["https:\/\/masilaparfum.com\/wp-content\/uploads\/2023\/03\/ULmM9USBmm3pZOYmf7DMz3YQOb6x0tF9igutFJsi_lg-150x150.jpeg",150,150,true],"medium":["https:\/\/masilaparfum.com\/wp-content\/uploads\/2023\/03\/ULmM9USBmm3pZOYmf7DMz3YQOb6x0tF9igutFJsi_lg-300x300.jpeg",300,300,true],"medium_large":["https:\/\/masilaparfum.com\/wp-content\/uploads\/2023\/03\/ULmM9USBmm3pZOYmf7DMz3YQOb6x0tF9igutFJsi_lg.jpeg",680,680,false],"large":["https:\/\/masilaparfum.com\/wp-content\/uploads\/2023\/03\/ULmM9USBmm3pZOYmf7DMz3YQOb6x0tF9igutFJsi_lg.jpeg",680,680,false],"1536x1536":["https:\/\/masilaparfum.com\/wp-content\/uploads\/2023\/03\/ULmM9USBmm3pZOYmf7DMz3YQOb6x0tF9igutFJsi_lg.jpeg",680,680,false],"2048x2048":["https:\/\/masilaparfum.com\/wp-content\/uploads\/2023\/03\/ULmM9USBmm3pZOYmf7DMz3YQOb6x0tF9igutFJsi_lg.jpeg",680,680,false],"mailpoet_newsletter_max":["https:\/\/masilaparfum.com\/wp-content\/uploads\/2023\/03\/ULmM9USBmm3pZOYmf7DMz3YQOb6x0tF9igutFJsi_lg.jpeg",680,680,false],"woocommerce_thumbnail":["https:\/\/masilaparfum.com\/wp-content\/uploads\/2023\/03\/ULmM9USBmm3pZOYmf7DMz3YQOb6x0tF9igutFJsi_lg-300x300.jpeg",300,300,true],"woocommerce_single":["https:\/\/masilaparfum.com\/wp-content\/uploads\/2023\/03\/ULmM9USBmm3pZOYmf7DMz3YQOb6x0tF9igutFJsi_lg-600x600.jpeg",600,600,true],"woocommerce_gallery_thumbnail":["https:\/\/masilaparfum.com\/wp-content\/uploads\/2023\/03\/ULmM9USBmm3pZOYmf7DMz3YQOb6x0tF9igutFJsi_lg-100x100.jpeg",100,100,true],"wcpr-photo-reviews":["https:\/\/masilaparfum.com\/wp-content\/uploads\/2023\/03\/ULmM9USBmm3pZOYmf7DMz3YQOb6x0tF9igutFJsi_lg.jpeg",500,500,false]},"uagb_author_info":{"display_name":"masilaparfum","author_link":"https:\/\/masilaparfum.com\/index.php\/author\/"},"uagb_comment_info":3,"uagb_excerpt":"\u00a0Layl Malaki est le nouveau parfum pour rejoindre l'embl\u00e9matique.\u00a0","_links":{"self":[{"href":"https:\/\/masilaparfum.com\/index.php\/wp-json\/wp\/v2\/product\/5314","targetHints":{"allow":["GET"]}}],"collection":[{"href":"https:\/\/masilaparfum.com\/index.php\/wp-json\/wp\/v2\/product"}],"about":[{"href":"https:\/\/masilaparfum.com\/index.php\/wp-json\/wp\/v2\/types\/product"}],"replies":[{"embeddable":true,"href":"https:\/\/masilaparfum.com\/index.php\/wp-json\/wp\/v2\/comments?post=5314"}],"wp:featuredmedia":[{"embeddable":true,"href":"https:\/\/masilaparfum.com\/index.php\/wp-json\/wp\/v2\/media\/6320"}],"wp:attachment":[{"href":"https:\/\/masilaparfum.com\/index.php\/wp-json\/wp\/v2\/media?parent=5314"}],"wp:term":[{"taxonomy":"product_cat","embeddable":true,"href":"https:\/\/masilaparfum.com\/index.php\/wp-json\/wp\/v2\/product_cat?post=5314"},{"taxonomy":"product_tag","embeddable":true,"href":"https:\/\/masilaparfum.com\/index.php\/wp-json\/wp\/v2\/product_tag?post=5314"}],"curies":[{"name":"wp","href":"https:\/\/api.w.org\/{rel}","templated":true}]}}