{"id":10767,"date":"2025-06-26T17:31:38","date_gmt":"2025-06-26T16:31:38","guid":{"rendered":"https:\/\/masilaparfum.com\/?post_type=product&#038;p=10767"},"modified":"2026-03-19T08:10:18","modified_gmt":"2026-03-19T08:10:18","slug":"1milroyal","status":"publish","type":"product","link":"https:\/\/masilaparfum.com\/index.php\/product\/1milroyal\/","title":{"rendered":"1 Million Royal 100ml"},"content":{"rendered":"<p style=\"text-align: center\"><b>1 Million Royal<\/b><\/p>\n<p style=\"text-align: center\">\u00a0un parfum Orientale bois\u00e9 pour homme. C&rsquo;est un nouveau parfum.\u00a0<b>1 Million Royal<\/b>\u00a0a \u00e9t\u00e9 lanc\u00e9 en 2023. 1 Million Royal a \u00e9t\u00e9 cr\u00e9\u00e9 par Quentin Bisch et Christophe Raynaud. Les notes de t\u00eate sont Cardamome, Tangerine et Bergamote; les notes de coeur sont Lavande, Feuille de violette et Sauge; les notes de fond sont Benjoin, C\u00e8dre et Patchouli.<\/p>\n","protected":false},"excerpt":{"rendered":"<p>1 Million Royal \u00a0un parfum Orientale bois\u00e9 pour homme. C&rsquo;est un nouveau parfum.\u00a01 Million Royal\u00a0a \u00e9t\u00e9 lanc\u00e9 en 2023. 1 Million Royal a \u00e9t\u00e9 cr\u00e9\u00e9 par Quentin Bisch et Christophe Raynaud. Les notes de t\u00eate sont Cardamome, Tangerine et Bergamote; les notes de coeur sont Lavande, Feuille de violette et Sauge; les notes de fond [&hellip;]<\/p>\n","protected":false},"featured_media":10768,"comment_status":"open","ping_status":"closed","template":"","meta":{"_uag_custom_page_level_css":"","site-sidebar-layout":"default","site-content-layout":"","ast-site-content-layout":"default","site-content-style":"default","site-sidebar-style":"default","ast-global-header-display":"","ast-banner-title-visibility":"","ast-main-header-display":"","ast-hfb-above-header-display":"","ast-hfb-below-header-display":"","ast-hfb-mobile-header-display":"","site-post-title":"","ast-breadcrumbs-content":"","ast-featured-img":"","footer-sml-layout":"","theme-transparent-header-meta":"default","adv-header-id-meta":"","stick-header-meta":"","header-above-stick-meta":"","header-main-stick-meta":"","header-below-stick-meta":"","astra-migrate-meta-layouts":"set","ast-page-background-enabled":"default","ast-page-background-meta":{"desktop":{"background-color":"","background-image":"","background-repeat":"repeat","background-position":"center center","background-size":"auto","background-attachment":"scroll","background-type":"","background-media":"","overlay-type":"","overlay-color":"","overlay-opacity":"","overlay-gradient":""},"tablet":{"background-color":"","background-image":"","background-repeat":"repeat","background-position":"center center","background-size":"auto","background-attachment":"scroll","background-type":"","background-media":"","overlay-type":"","overlay-color":"","overlay-opacity":"","overlay-gradient":""},"mobile":{"background-color":"","background-image":"","background-repeat":"repeat","background-position":"center center","background-size":"auto","background-attachment":"scroll","background-type":"","background-media":"","overlay-type":"","overlay-color":"","overlay-opacity":"","overlay-gradient":""}},"ast-content-background-meta":{"desktop":{"background-color":"var(--ast-global-color-5)","background-image":"","background-repeat":"repeat","background-position":"center center","background-size":"auto","background-attachment":"scroll","background-type":"","background-media":"","overlay-type":"","overlay-color":"","overlay-opacity":"","overlay-gradient":""},"tablet":{"background-color":"var(--ast-global-color-5)","background-image":"","background-repeat":"repeat","background-position":"center center","background-size":"auto","background-attachment":"scroll","background-type":"","background-media":"","overlay-type":"","overlay-color":"","overlay-opacity":"","overlay-gradient":""},"mobile":{"background-color":"var(--ast-global-color-5)","background-image":"","background-repeat":"repeat","background-position":"center center","background-size":"auto","background-attachment":"scroll","background-type":"","background-media":"","overlay-type":"","overlay-color":"","overlay-opacity":"","overlay-gradient":""}}},"product_cat":[60],"product_tag":[],"class_list":{"0":"post-10767","1":"product","2":"type-product","3":"status-publish","4":"has-post-thumbnail","6":"product_cat-parfumhomme","7":"desktop-align-center","8":"tablet-align-left","9":"mobile-align-center","11":"first","12":"instock","13":"shipping-taxable","14":"purchasable","15":"product-type-simple"},"uagb_featured_image_src":{"full":["https:\/\/masilaparfum.com\/wp-content\/uploads\/2025\/06\/telechargement-6-2.jpeg",225,225,false],"thumbnail":["https:\/\/masilaparfum.com\/wp-content\/uploads\/2025\/06\/telechargement-6-2-150x150.jpeg",150,150,true],"medium":["https:\/\/masilaparfum.com\/wp-content\/uploads\/2025\/06\/telechargement-6-2.jpeg",225,225,false],"medium_large":["https:\/\/masilaparfum.com\/wp-content\/uploads\/2025\/06\/telechargement-6-2.jpeg",225,225,false],"large":["https:\/\/masilaparfum.com\/wp-content\/uploads\/2025\/06\/telechargement-6-2.jpeg",225,225,false],"1536x1536":["https:\/\/masilaparfum.com\/wp-content\/uploads\/2025\/06\/telechargement-6-2.jpeg",225,225,false],"2048x2048":["https:\/\/masilaparfum.com\/wp-content\/uploads\/2025\/06\/telechargement-6-2.jpeg",225,225,false],"mailpoet_newsletter_max":["https:\/\/masilaparfum.com\/wp-content\/uploads\/2025\/06\/telechargement-6-2.jpeg",225,225,false],"woocommerce_thumbnail":["https:\/\/masilaparfum.com\/wp-content\/uploads\/2025\/06\/telechargement-6-2.jpeg",225,225,false],"woocommerce_single":["https:\/\/masilaparfum.com\/wp-content\/uploads\/2025\/06\/telechargement-6-2.jpeg",225,225,false],"woocommerce_gallery_thumbnail":["https:\/\/masilaparfum.com\/wp-content\/uploads\/2025\/06\/telechargement-6-2-100x100.jpeg",100,100,true],"wcpr-photo-reviews":["https:\/\/masilaparfum.com\/wp-content\/uploads\/2025\/06\/telechargement-6-2.jpeg",225,225,false]},"uagb_author_info":{"display_name":"masilaparfum","author_link":"https:\/\/masilaparfum.com\/index.php\/author\/"},"uagb_comment_info":1,"uagb_excerpt":"1 Million Royal \u00a0un parfum Orientale bois\u00e9 pour homme. C&rsquo;est un nouveau parfum.\u00a01 Million Royal\u00a0a \u00e9t\u00e9 lanc\u00e9 en 2023. 1 Million Royal a \u00e9t\u00e9 cr\u00e9\u00e9 par Quentin Bisch et Christophe Raynaud. Les notes de t\u00eate sont Cardamome, Tangerine et Bergamote; les notes de coeur sont Lavande, Feuille de violette et Sauge; les notes de fond\u2026","_links":{"self":[{"href":"https:\/\/masilaparfum.com\/index.php\/wp-json\/wp\/v2\/product\/10767","targetHints":{"allow":["GET"]}}],"collection":[{"href":"https:\/\/masilaparfum.com\/index.php\/wp-json\/wp\/v2\/product"}],"about":[{"href":"https:\/\/masilaparfum.com\/index.php\/wp-json\/wp\/v2\/types\/product"}],"replies":[{"embeddable":true,"href":"https:\/\/masilaparfum.com\/index.php\/wp-json\/wp\/v2\/comments?post=10767"}],"wp:featuredmedia":[{"embeddable":true,"href":"https:\/\/masilaparfum.com\/index.php\/wp-json\/wp\/v2\/media\/10768"}],"wp:attachment":[{"href":"https:\/\/masilaparfum.com\/index.php\/wp-json\/wp\/v2\/media?parent=10767"}],"wp:term":[{"taxonomy":"product_cat","embeddable":true,"href":"https:\/\/masilaparfum.com\/index.php\/wp-json\/wp\/v2\/product_cat?post=10767"},{"taxonomy":"product_tag","embeddable":true,"href":"https:\/\/masilaparfum.com\/index.php\/wp-json\/wp\/v2\/product_tag?post=10767"}],"curies":[{"name":"wp","href":"https:\/\/api.w.org\/{rel}","templated":true}]}}